{"id":2485,"date":"2021-05-23T21:18:59","date_gmt":"2021-05-23T21:18:59","guid":{"rendered":"https:\/\/kapidani.com\/?post_type=product&#038;p=2485"},"modified":"2024-11-08T12:57:00","modified_gmt":"2024-11-08T12:57:00","slug":"ups-green-cell-power-proof-2000va-1200w","status":"publish","type":"product","link":"https:\/\/kapidani.com\/index.php\/product\/ups-green-cell-power-proof-2000va-1200w\/","title":{"rendered":"Green Cell Uninterruptible Power Supply UPS 2000VA 1200W with LCD Display | EU VERSION | 4x Schuko Sockets"},"content":{"rendered":"<div dir=\"auto\">\u00c7far\u00eb \u00ebsht\u00eb nj\u00eb UPS?<\/div>\n<div dir=\"auto\">P\u00ebr \u00e7far\u00eb p\u00ebrdoret?<\/div>\n<div dir=\"auto\">Nj\u00ebsia e furnizimit me energji t\u00eb pand\u00ebrprer\u00eb (UPS) \u00ebsht\u00eb nj\u00eb pajisje q\u00ebllimi i s\u00eb cil\u00ebs \u00ebsht\u00eb t\u00eb siguroj\u00eb energji kur banesa ose vendi i pun\u00ebs NDERPRITET energjin\u00eb elektrike.<\/div>\n<div dir=\"auto\">\n<p>Nd\u00ebrprerja e papritur e energjis\u00eb mund t\u00eb shkaktoj\u00eb humbje t\u00eb t\u00eb dh\u00ebnave t\u00eb r\u00ebnd\u00ebsishme, por edhe d\u00ebmtim t\u00eb pajisjeve elektronike. Fal\u00eb nj\u00eb furnizimi me energji emergjente do t&#8217;ju jepet koh\u00eb p\u00ebr t\u00eb kursyer efektet e pun\u00ebs tuaj dhe p\u00ebr t\u00eb fikur n\u00eb m\u00ebnyr\u00eb t\u00eb sigurt pajisjen. UPS-i mund t\u00eb marr\u00eb p\u00ebrsip\u00ebr rolin e priz\u00ebs n\u00eb rrjet dhe t\u00eb siguroj\u00eb energji rezerv\u00eb edhe n\u00eb rast t\u00eb luhatjeve t\u00eb m\u00ebdha dhe t\u00eb q\u00ebndrueshme t\u00eb tensionit. Kur ka rrym\u00eb n\u00eb fole, UPS-i grumbullon energji n\u00eb bateri dhe k\u00ebshtu siguron pajisjet e lidhura me mbrojtjen e duhur nga mbitensioni.<\/p>\n<p>Me v\u00ebmendje n\u00eb detaje<br \/>\nKur hartonim UPS-t\u00eb tona, ne u kujdes\u00ebm p\u00ebr \u00e7do aspekt. Duke kombinuar funksionalitetin maksimal me dizajnin unik, ne krijuam nj\u00eb pajisje q\u00eb do t\u00eb duket shum\u00eb mir\u00eb n\u00eb \u00e7do mjedis. P\u00ebr m\u00eb tep\u00ebr, p\u00ebr ta b\u00ebr\u00eb m\u00eb t\u00eb rehatsh\u00ebm p\u00ebrdorimin e UPS-it, ne e pajis\u00ebm at\u00eb me nj\u00eb ekran LCD t\u00eb leht\u00eb p\u00ebr t\u2019u lexuar, i cili do t&#8217;ju informoj\u00eb p\u00ebr shum\u00eb parametra q\u00eb jan\u00eb thelb\u00ebsor\u00eb p\u00ebr funksionimin e furnizimit.<\/p>\n<p>Lloji i UPS-s\u00eb<br \/>\nInteraktive e linj\u00ebs: UPS-t\u00eb me topologjin\u00eb AVR interaktive t\u00eb linj\u00ebs jan\u00eb nj\u00eb version i p\u00ebrmir\u00ebsuar i furnizimit me energji jasht\u00eb linje. Ato jan\u00eb pajisur me nj\u00eb stabilizues automatik t\u00eb tensionit i cili mbron jo vet\u00ebm nga humbja e tensionit t\u00eb furnizimit por edhe nga nd\u00ebrhyrjet e linj\u00ebs. K\u00ebto furnizime me energji elektrike garantojn\u00eb sigurin\u00eb e plot\u00eb t\u00eb t\u00eb gjitha pajisjeve t\u00eb lidhura n\u00eb UPS.<\/p>\n<p>Vler\u00ebsimi i energjis\u00eb<br \/>\nKjo ju informon se sa dhe \u00e7far\u00eb pajisje mund t\u00eb furnizoj\u00eb UPS me energji elektrike. P\u00ebr t\u00eb p\u00ebrmbushur k\u00ebrkesat e p\u00ebrdoruesve, Green Cell UPS-t\u00eb jan\u00eb pajisur me bateri AGM t\u00eb nj\u00eb cil\u00ebsie t\u00eb lart\u00eb t\u00eb cilat mund t\u00eb ken\u00eb nj\u00eb jet\u00ebgjat\u00ebsi deri n\u00eb 5 vjet t\u00eb funksionimit dhe n\u00eb k\u00ebt\u00eb m\u00ebnyr\u00eb t\u00eb sigurojn\u00eb efikasitetin m\u00eb t\u00eb mir\u00eb.<\/p>\n<p>Koha e nd\u00ebrrimit<br \/>\nAjo p\u00ebrcakton se sa shpejt UPS-ja do t\u00eb p\u00ebrgjigjet n\u00eb nd\u00ebrprerjet e energjis\u00eb. Sa m\u00eb e ul\u00ebt t\u00eb jet\u00eb vlera e saj, aq m\u00eb mir\u00eb \u00ebsht\u00eb UPS-i. Furnizimet me energji t\u00eb pand\u00ebrprer\u00eb nga Green Cell garantojn\u00eb koh\u00ebn m\u00eb t\u00eb ul\u00ebt t\u00eb nd\u00ebrrimit, k\u00ebshtu q\u00eb ata menj\u00ebher\u00eb i p\u00ebrgjigjen nd\u00ebrprerjeve t\u00eb energjis\u00eb, duke siguruar siguri dhe siguri t\u00eb plot\u00eb p\u00ebr dokumentet dhe pajisjet tuaja.<\/p>\n<p>Gjithmon\u00eb n\u00ebn kontroll<br \/>\nN\u00eb m\u00ebnyr\u00eb q\u00eb t\u00eb b\u00ebhet e mundur p\u00ebrdorimi i funksioneve t\u00eb nj\u00eb UPS-je t\u00eb Green Cell, \u00ebsht\u00eb krijuar nj\u00eb program special i dedikuar p\u00ebr t\u00eb mund\u00ebsuar menaxhim t\u00eb p\u00ebrparuar t\u00eb pajisjes. Aplikacioni siguron p\u00ebrdorim t\u00eb thjesht\u00eb dhe intuitiv pa ndonj\u00eb problem. Programi mund\u00ebson shikimin n\u00eb koh\u00eb reale dhe shfaq t\u00eb dh\u00ebnat e matjes, p\u00ebrfshir\u00eb tensionet e hyrjes dhe daljes, frekuenc\u00ebn e ngarkes\u00ebs s\u00eb UPS-s\u00eb, temperatur\u00ebn e tij dhe kapacitetin e bateris\u00eb. Ju mund t\u00eb konfiguroni mbylljen automatike t\u00eb sistemit, njoftimet dhe paralajm\u00ebrimet me email n\u00eb rast t\u00eb kalimit n\u00eb funksionimin e brumit. Ju mund t\u00eb m\u00ebsoni p\u00ebr k\u00ebto dhe funksione t\u00eb tjera duke shkarkuar softuerin.<\/p>\n<\/div>\n","protected":false},"excerpt":{"rendered":"<ul class=\"product-bullet-points\">\n<li><b>The Green Cell UPS emergency power supply provides full protection for any connected equipment during power loss and power spikes.\u00a0<\/b>With it you can safely save your work and safely switch off the device.<\/li>\n<li>With a total power of\u00a0<b>1200W and an apparent power of 2000VA<\/b>, the UPS is equipped with Green Cell\u00a0<b>AGM batteries<\/b>\u00a0which provide\u00a0<b>stable parameters<\/b>\u00a0for your equipment.<\/li>\n<li>Using the latest technology, we have achieved a\u00a0<b>maximally short time to switch UPS<\/b>\u00a0into battery power mode of\u00a0<b>2-6 milliseconds and a back-up time of even 50 min<\/b>\u00a0depending on the load.<\/li>\n<li><b>Easy to use software<\/b>\u00a0provides comprehensive\u00a0<b>to manage the UPS from the computer<\/b>. Send notifications, program emergency operation time, analyze real-time graphs and much moreBattery 2 x 12V\/9Ah<br \/>\nPower 1200W<br \/>\nCondition New<br \/>\nWarranty 24 months (12 months for battery)<br \/>\nManufacturer Green Cell<br \/>\nDimensions 380 x 158 x 198 mm<br \/>\nWeight 11.5kg<br \/>\nType Tower<br \/>\nInput Voltage 220\/230\/240 V<br \/>\nInput frequency 50\/60 Hz<br \/>\nOutput Voltage 230V AC<br \/>\nOutput frequency 50Hz or 60Hz (automatic detection)<br \/>\nResponse time 2-6 ms<br \/>\nSine wave type Modified sine wave<br \/>\nReturn policy up to 30 days<br \/>\nCharging time 6-8 h<br \/>\nCommunication USB<br \/>\nSockets 4x Schuko + IEC<br \/>\nApparent power 2000VA-3000VA<br \/>\nTopology Line-Interactive AVR<br \/>\nProtections thermal, overvoltage, short-circuit<br \/>\nProtection against overvoltage RJ45<br \/>\nProduct code UPS05<\/li>\n<\/ul>\n","protected":false},"featured_media":3014,"template":"","meta":[],"product_brand":[],"product_cat":[51],"product_tag":[],"class_list":{"0":"post-2485","1":"product","2":"type-product","3":"status-publish","4":"has-post-thumbnail","6":"product_cat-ups-2","7":"description-off","9":"first","10":"instock","11":"shipping-taxable","12":"purchasable","13":"product-type-simple"},"aioseo_notices":[],"_links":{"self":[{"href":"https:\/\/kapidani.com\/index.php\/wp-json\/wp\/v2\/product\/2485","targetHints":{"allow":["GET"]}}],"collection":[{"href":"https:\/\/kapidani.com\/index.php\/wp-json\/wp\/v2\/product"}],"about":[{"href":"https:\/\/kapidani.com\/index.php\/wp-json\/wp\/v2\/types\/product"}],"wp:featuredmedia":[{"embeddable":true,"href":"https:\/\/kapidani.com\/index.php\/wp-json\/wp\/v2\/media\/3014"}],"wp:attachment":[{"href":"https:\/\/kapidani.com\/index.php\/wp-json\/wp\/v2\/media?parent=2485"}],"wp:term":[{"taxonomy":"product_brand","embeddable":true,"href":"https:\/\/kapidani.com\/index.php\/wp-json\/wp\/v2\/product_brand?post=2485"},{"taxonomy":"product_cat","embeddable":true,"href":"https:\/\/kapidani.com\/index.php\/wp-json\/wp\/v2\/product_cat?post=2485"},{"taxonomy":"product_tag","embeddable":true,"href":"https:\/\/kapidani.com\/index.php\/wp-json\/wp\/v2\/product_tag?post=2485"}],"curies":[{"name":"wp","href":"https:\/\/api.w.org\/{rel}","templated":true}]}}