{"id":2834,"date":"2022-07-23T11:49:46","date_gmt":"2022-07-23T11:49:46","guid":{"rendered":"https:\/\/kapidani.com\/?post_type=product&#038;p=2834"},"modified":"2024-11-08T12:58:24","modified_gmt":"2024-11-08T12:58:24","slug":"escan-internet-security-suite-v22-cyber-vaccine-edition-cmimi-1500-leke","status":"publish","type":"product","link":"https:\/\/kapidani.com\/index.php\/product\/escan-internet-security-suite-v22-cyber-vaccine-edition-cmimi-1500-leke\/","title":{"rendered":"ANTIVIRUS eScan Internet Security Suite &#8211; v22 (Cyber Vaccine Edition)"},"content":{"rendered":"<div class=\"cxmmr5t8 oygrvhab hcukyx3x c1et5uql o9v6fnle ii04i59q\">\n<div dir=\"auto\"><span class=\"pq6dq46d tbxw36s4 knj5qynh kvgmc6g5 ditlmg2l oygrvhab nvdbi5me sf5mxxl7 gl3lb2sf hhz5lgdu\"><img loading=\"lazy\" decoding=\"async\" src=\"https:\/\/static.xx.fbcdn.net\/images\/emoji.php\/v9\/t3a\/1\/16\/1f6e1.png\" alt=\"\ud83d\udee1\" width=\"16\" height=\"16\" \/><\/span>Mbrojtje n\u00eb koh\u00eb reale<\/div>\n<div dir=\"auto\">eScan ofron nj\u00eb shtres\u00eb t\u00eb sofistikuar mbrojtjeje n\u00eb koh\u00eb reale p\u00ebr t\u00eb parandaluar \u00e7do p\u00ebrhapje t\u00eb mundshme t\u00eb programeve me q\u00ebllim t\u00eb keq. Ai monitoron vazhdimisht sistemin p\u00ebr malware, spyware, ransomware dhe k\u00ebrc\u00ebnime t\u00eb ndryshme t\u00eb tjera. Ai zbulon dhe kufizon k\u00ebrc\u00ebnimet me q\u00ebllim t\u00eb keq nga qasja n\u00eb sistem dhe shfryt\u00ebzimi i t\u00eb dh\u00ebnave personale. Mbrojtja n\u00eb koh\u00eb reale e eScan ka potencialin p\u00ebr t\u00eb mbajtur larg k\u00ebrc\u00ebnimet kibernetike duke monitoruar vazhdimisht aktivitetet n\u00eb internet.<\/div>\n<\/div>\n<div class=\"cxmmr5t8 oygrvhab hcukyx3x c1et5uql o9v6fnle ii04i59q\">\n<div dir=\"auto\"><span class=\"pq6dq46d tbxw36s4 knj5qynh kvgmc6g5 ditlmg2l oygrvhab nvdbi5me sf5mxxl7 gl3lb2sf hhz5lgdu\"><img loading=\"lazy\" decoding=\"async\" src=\"https:\/\/static.xx.fbcdn.net\/images\/emoji.php\/v9\/t3a\/1\/16\/1f6e1.png\" alt=\"\ud83d\udee1\" width=\"16\" height=\"16\" \/><\/span>Performanca e Optimizuar<\/div>\n<div dir=\"auto\">eScan \u00ebsht\u00eb i pajisur me teknologji t\u00eb avancuara sigurie p\u00ebr t\u00eb reduktuar memorien dhe hard diskun e p\u00ebrdorur, gj\u00eb q\u00eb minimizon koston e sip\u00ebrme t\u00eb CPU-s\u00eb. Kjo, nga ana tjet\u00ebr, rrit shpejt\u00ebsin\u00eb dhe performanc\u00ebn e kompjuterit duke i b\u00ebr\u00eb detyrat e rregullta t\u00eb shpejta dhe t\u00eb sigurta. P\u00ebr m\u00eb tep\u00ebr, duke p\u00ebrdorur teknologjin\u00eb e cache-it, koha e skanimit minimizohet pa shkaktuar ndonj\u00eb vones\u00eb n\u00eb sistem.<\/div>\n<\/div>\n<div class=\"cxmmr5t8 oygrvhab hcukyx3x c1et5uql o9v6fnle ii04i59q\">\n<div dir=\"auto\"><span class=\"pq6dq46d tbxw36s4 knj5qynh kvgmc6g5 ditlmg2l oygrvhab nvdbi5me sf5mxxl7 gl3lb2sf hhz5lgdu\"><img loading=\"lazy\" decoding=\"async\" src=\"https:\/\/static.xx.fbcdn.net\/images\/emoji.php\/v9\/t3a\/1\/16\/1f6e1.png\" alt=\"\ud83d\udee1\" width=\"16\" height=\"16\" \/><\/span>Anti-Ransomware i fuqish\u00ebm<\/div>\n<div dir=\"auto\">Funksioni efektiv Anti-Ransomware i eScan duke p\u00ebrdorur Motorin e Analiz\u00ebs s\u00eb Sjelljes Proaktive (PBAE) monitoron aktivitetin e t\u00eb gjitha proceseve. Mekanizmi Intelligent Shadow Backup aktivizohet gjat\u00eb \u00e7do rasti, kjo i ndihmon p\u00ebrdoruesit t\u00eb mbrojn\u00eb t\u00eb dh\u00ebnat e tyre thelb\u00ebsore dhe t\u00eb kap\u00ebrcejn\u00eb pasgoditjet e sulmeve t\u00eb ransomware.<\/div>\n<\/div>\n<div class=\"cxmmr5t8 oygrvhab hcukyx3x c1et5uql o9v6fnle ii04i59q\">\n<div dir=\"auto\"><span class=\"pq6dq46d tbxw36s4 knj5qynh kvgmc6g5 ditlmg2l oygrvhab nvdbi5me sf5mxxl7 gl3lb2sf hhz5lgdu\"><img loading=\"lazy\" decoding=\"async\" src=\"https:\/\/static.xx.fbcdn.net\/images\/emoji.php\/v9\/t3a\/1\/16\/1f6e1.png\" alt=\"\ud83d\udee1\" width=\"16\" height=\"16\" \/><\/span><\/div>\n<div dir=\"auto\">Two-Factor Authentication<\/div>\n<div dir=\"auto\">eScan provides an extra layer of protection to the log-in process that authenticates and prevents any criminals from accessing the computer and personal data. This offers an additional step of security as cyberthieves require more than a username and password for authentication.<\/div>\n<\/div>\n<div class=\"cxmmr5t8 oygrvhab hcukyx3x c1et5uql o9v6fnle ii04i59q\">\n<div dir=\"auto\"><span class=\"pq6dq46d tbxw36s4 knj5qynh kvgmc6g5 ditlmg2l oygrvhab nvdbi5me sf5mxxl7 gl3lb2sf hhz5lgdu\"><img loading=\"lazy\" decoding=\"async\" src=\"https:\/\/static.xx.fbcdn.net\/images\/emoji.php\/v9\/t3a\/1\/16\/1f6e1.png\" alt=\"\ud83d\udee1\" width=\"16\" height=\"16\" \/><\/span>Kontrolli i zgjuar prind\u00ebror<\/div>\n<div dir=\"auto\">eScan ka projektuar Kontrollin e zgjuar prind\u00ebror p\u00ebr t\u00eb mbrojtur f\u00ebmij\u00ebt dhe adoleshent\u00ebt nga k\u00ebrc\u00ebnimet m\u00eb t\u00eb fundit kibernetike. Gjat\u00eb aksesit n\u00eb faqet e internetit ose aplikacionet, p\u00ebrdoruesit e p\u00ebrcaktuar mund t\u00eb kufizohen bazuar n\u00eb lloje t\u00eb ndryshme profilesh. P\u00ebrdorues t\u00eb ndrysh\u00ebm kan\u00eb profile dhe t\u00eb drejta t\u00eb ndryshme aksesi\/kontrolli n\u00eb ueb.<\/div>\n<\/div>\n<div class=\"cxmmr5t8 oygrvhab hcukyx3x c1et5uql o9v6fnle ii04i59q\">\n<div dir=\"auto\"><span class=\"pq6dq46d tbxw36s4 knj5qynh kvgmc6g5 ditlmg2l oygrvhab nvdbi5me sf5mxxl7 gl3lb2sf hhz5lgdu\"><img loading=\"lazy\" decoding=\"async\" src=\"https:\/\/static.xx.fbcdn.net\/images\/emoji.php\/v9\/t3a\/1\/16\/1f6e1.png\" alt=\"\ud83d\udee1\" width=\"16\" height=\"16\" \/><\/span>P\u00ebrdit\u00ebsimet thelb\u00ebsore t\u00eb Windows<\/div>\n<div dir=\"auto\">eScan kontrollon p\u00ebr arnimet e siguris\u00eb q\u00eb mungojn\u00eb n\u00eb sistemin operativ duke p\u00ebrputhur arnimet e instaluara me list\u00ebn e arnimeve t\u00eb l\u00ebshuara n\u00eb baz\u00ebn e t\u00eb dh\u00ebnave. Pas krahasimit t\u00eb t\u00eb dy arnimeve, ai instalon arna kritike t\u00eb siguris\u00eb t\u00eb Windows q\u00eb mungojn\u00eb. Kjo ndihmon q\u00eb sistemi t\u00eb q\u00ebndroj\u00eb larg k\u00ebrc\u00ebnimeve m\u00eb t\u00eb fundit dhe t\u00eb ruaj\u00eb sigurin\u00eb e rrjetit t\u00eb sht\u00ebpis\u00eb.<\/div>\n<\/div>\n<div class=\"cxmmr5t8 oygrvhab hcukyx3x c1et5uql o9v6fnle ii04i59q\">\n<div dir=\"auto\"><span class=\"pq6dq46d tbxw36s4 knj5qynh kvgmc6g5 ditlmg2l oygrvhab nvdbi5me sf5mxxl7 gl3lb2sf hhz5lgdu\"><img loading=\"lazy\" decoding=\"async\" src=\"https:\/\/static.xx.fbcdn.net\/images\/emoji.php\/v9\/t3a\/1\/16\/1f6e1.png\" alt=\"\ud83d\udee1\" width=\"16\" height=\"16\" \/><\/span>Firewall me dy drejtime<\/div>\n<div dir=\"auto\">Firewall i dyansh\u00ebm eScan filtron t\u00eb gjitha k\u00ebrkesat hyr\u00ebse dhe dal\u00ebse t\u00eb rrjetit, gj\u00eb q\u00eb ju mund\u00ebson t\u00eb monitoroni \u00e7do lidhje hyr\u00ebse dhe dal\u00ebse q\u00eb po krijohet. Kjo i pengon haker\u00ebt t\u00eb lidhen me sistemin dhe mbron lidhjen e aplikacioneve t\u00eb pad\u00ebshiruara me internetin.<\/div>\n<\/div>\n<div class=\"cxmmr5t8 oygrvhab hcukyx3x c1et5uql o9v6fnle ii04i59q\">\n<div dir=\"auto\"><span class=\"pq6dq46d tbxw36s4 knj5qynh kvgmc6g5 ditlmg2l oygrvhab nvdbi5me sf5mxxl7 gl3lb2sf hhz5lgdu\"><img loading=\"lazy\" decoding=\"async\" src=\"https:\/\/static.xx.fbcdn.net\/images\/emoji.php\/v9\/t3a\/1\/16\/1f6e1.png\" alt=\"\ud83d\udee1\" width=\"16\" height=\"16\" \/><\/span>Siguri efektive e pik\u00ebs fundore<\/div>\n<div dir=\"auto\">eScan siguron mbrojtje nga k\u00ebrc\u00ebnimet e njohura dhe t\u00eb panjohura q\u00eb mund t\u00eb p\u00ebrhapen p\u00ebrmes pajisjeve portative t\u00eb ruajtjes me baz\u00eb USB ose Firewire, t\u00eb tilla si Flash drive, Webcam, SD Card dhe m\u00eb shum\u00eb. Ai ofron nj\u00eb kontroll t\u00eb avancuar t\u00eb aplikacionit q\u00eb ju lejon t\u00eb bllokoni\/lejoni aplikacionet dhe t\u00eb parandaloni k\u00ebrc\u00ebnimet kritike.<\/div>\n<\/div>\n<div class=\"cxmmr5t8 oygrvhab hcukyx3x c1et5uql o9v6fnle ii04i59q\">\n<div dir=\"auto\"><span class=\"pq6dq46d tbxw36s4 knj5qynh kvgmc6g5 ditlmg2l oygrvhab nvdbi5me sf5mxxl7 gl3lb2sf hhz5lgdu\"><img loading=\"lazy\" decoding=\"async\" src=\"https:\/\/static.xx.fbcdn.net\/images\/emoji.php\/v9\/t3a\/1\/16\/1f6e1.png\" alt=\"\ud83d\udee1\" width=\"16\" height=\"16\" \/><\/span>Skanim m\u00eb i shpejt\u00eb sipas k\u00ebrkes\u00ebs<\/div>\n<div dir=\"auto\">Skaneri i avancuar sipas k\u00ebrkes\u00ebs i eScan ka teknologjin\u00eb e integruar t\u00eb List\u00ebs s\u00eb Bardh\u00eb dhe Cache q\u00eb e b\u00ebjn\u00eb skanimin e skedar\u00ebve, kujtes\u00ebs, dosjeve dhe t\u00eb gjitha pajisjeve t\u00eb tjera ruajt\u00ebse, m\u00eb efikas dhe t\u00eb shpejt\u00eb. Duke qen\u00eb i leht\u00eb, ai minimizon konsumin e CPU-s\u00eb dhe burimeve t\u00eb kujtes\u00ebs gjat\u00eb procesit t\u00eb skanimit.<\/div>\n<\/div>\n<div class=\"cxmmr5t8 oygrvhab hcukyx3x c1et5uql o9v6fnle ii04i59q\">\n<div dir=\"auto\"><span class=\"pq6dq46d tbxw36s4 knj5qynh kvgmc6g5 ditlmg2l oygrvhab nvdbi5me sf5mxxl7 gl3lb2sf hhz5lgdu\"><img loading=\"lazy\" decoding=\"async\" src=\"https:\/\/static.xx.fbcdn.net\/images\/emoji.php\/v9\/t3a\/1\/16\/1f6e1.png\" alt=\"\ud83d\udee1\" width=\"16\" height=\"16\" \/><\/span>Anti-Phishing i avancuar<\/div>\n<div dir=\"auto\">eScan p\u00ebrdor nj\u00eb teknik\u00eb t\u00eb zbulimit t\u00eb phishing q\u00eb zbulon lidhjet e phishing, emailet dhe bashk\u00ebngjitjet e bazuara n\u00eb sjellje keqdash\u00ebse dhe bllokon automatikisht \u00e7do her\u00eb kur ata p\u00ebrpiqen t\u00eb arrijn\u00eb kutit\u00eb e post\u00ebs elektronike.<\/div>\n<\/div>\n","protected":false},"excerpt":{"rendered":"<div class=\"cxmmr5t8 oygrvhab hcukyx3x c1et5uql o9v6fnle ii04i59q\">\n<div dir=\"auto\">eScan Internet Security ofron mbrojtje t\u00eb plot\u00eb p\u00ebr pajisjet tuaja. Ai \u00ebsht\u00eb i mbushur me rrjetin m\u00eb t\u00eb madh t\u00eb zbulimit t\u00eb k\u00ebrc\u00ebnimeve, mbrojtjen nga viruset dhe sigurin\u00eb e rrjetit sht\u00ebpiak q\u00eb nuk do t\u00eb ngadal\u00ebsoj\u00eb kompjuterin tuaj. Teknologjia e re e mbrojtjes s\u00eb res\u00eb kompjuterike zbulon k\u00ebrc\u00ebnimet kur ato shfaqen n\u00eb koh\u00eb reale, Motori Dinamik i Analiz\u00ebs Proaktive t\u00eb Sjelljes ju mbron edhe kur jeni jasht\u00eb linje dhe shfletuesi yn\u00eb i sigurt i krijuar me porosi ofron siguri t\u00eb lart\u00eb dhe mbrojtje t\u00eb fort\u00eb kur b\u00ebni blerje dhe pagesa n\u00eb internet. Ekziston nj\u00eb mbrojtje e sofistikuar me shtresa n\u00eb koh\u00eb reale q\u00eb monitoron kompjuterin kund\u00ebr malware, duke mbajtur aplikacionin dhe t\u00eb dh\u00ebnat tuaja t\u00eb sigurta.<\/div>\n<div dir=\"auto\">Motori yn\u00eb i fuqish\u00ebm i skanimit ofron siguri kund\u00ebr sulmeve malware t\u00eb njohur dhe t\u00eb panjohur, phishing dhe viruseve n\u00eb koh\u00eb reale. eScan ISS \u00ebsht\u00eb i pajisur me teknologji futuriste si Motori i Analiz\u00ebs s\u00eb Sjelljes Proaktive (PBAE), Modeli M\u00ebsimor Jo Nd\u00ebrhyr\u00ebs (NILP), MicroWorld Winsock Layer (MWL) dhe shum\u00eb t\u00eb tjera. Kontrolli i zgjuar prind\u00ebror mbron f\u00ebmij\u00ebt tuaj nga k\u00ebrc\u00ebnimet n\u00eb internet dhe p\u00ebrmbajtjet e pad\u00ebshiruara.<\/div>\n<\/div>\n<div class=\"cxmmr5t8 oygrvhab hcukyx3x c1et5uql o9v6fnle ii04i59q\">\n<div dir=\"auto\">Mbrojtje e avancuar kund\u00ebr k\u00ebrc\u00ebnimeve t\u00eb Ransomware<\/div>\n<\/div>\n","protected":false},"featured_media":2836,"template":"","meta":[],"product_brand":[],"product_cat":[43],"product_tag":[],"class_list":{"0":"post-2834","1":"product","2":"type-product","3":"status-publish","4":"has-post-thumbnail","6":"product_cat-antivirus","7":"description-off","9":"first","10":"instock","11":"shipping-taxable","12":"purchasable","13":"product-type-simple"},"aioseo_notices":[],"_links":{"self":[{"href":"https:\/\/kapidani.com\/index.php\/wp-json\/wp\/v2\/product\/2834","targetHints":{"allow":["GET"]}}],"collection":[{"href":"https:\/\/kapidani.com\/index.php\/wp-json\/wp\/v2\/product"}],"about":[{"href":"https:\/\/kapidani.com\/index.php\/wp-json\/wp\/v2\/types\/product"}],"wp:featuredmedia":[{"embeddable":true,"href":"https:\/\/kapidani.com\/index.php\/wp-json\/wp\/v2\/media\/2836"}],"wp:attachment":[{"href":"https:\/\/kapidani.com\/index.php\/wp-json\/wp\/v2\/media?parent=2834"}],"wp:term":[{"taxonomy":"product_brand","embeddable":true,"href":"https:\/\/kapidani.com\/index.php\/wp-json\/wp\/v2\/product_brand?post=2834"},{"taxonomy":"product_cat","embeddable":true,"href":"https:\/\/kapidani.com\/index.php\/wp-json\/wp\/v2\/product_cat?post=2834"},{"taxonomy":"product_tag","embeddable":true,"href":"https:\/\/kapidani.com\/index.php\/wp-json\/wp\/v2\/product_tag?post=2834"}],"curies":[{"name":"wp","href":"https:\/\/api.w.org\/{rel}","templated":true}]}}