{"id":2877,"date":"2022-11-10T21:39:41","date_gmt":"2022-11-10T21:39:41","guid":{"rendered":"https:\/\/kapidani.com\/?post_type=product&#038;p=2877"},"modified":"2024-01-20T17:50:49","modified_gmt":"2024-01-20T17:50:49","slug":"trust-desk-gaming-gxt-711x-dominus-cmimi-19600-leke","status":"publish","type":"product","link":"https:\/\/kapidani.com\/index.php\/product\/trust-desk-gaming-gxt-711x-dominus-cmimi-19600-leke\/","title":{"rendered":"Trust Desk Gaming GXT 711X DOMINUS &#8211; Cmimi 19600 Leke"},"content":{"rendered":"<div class=\"x11i5rnm xat24cr x1mh8g0r x1vvkbs xtlvy1s x126k92a\">\n<div dir=\"auto\">TAVOLINE GAMING GXT 711X DOMINUS<\/div>\n<div dir=\"auto\">Forca n\u00eb rehati<\/div>\n<div dir=\"auto\">Nj\u00eb skaj i p\u00ebrparm\u00eb me k\u00ebnd ergonomik siguron or\u00eb t\u00eb t\u00ebra rehati gjat\u00eb loj\u00ebs, nd\u00ebrsa nj\u00eb korniz\u00eb \u00e7eliku dhe desktopi MDF 18 mm ju mbajn\u00eb t\u00eb q\u00ebndruesh\u00ebm dhe t\u00eb q\u00ebndruesh\u00ebm.<\/div>\n<\/div>\n<div class=\"x11i5rnm xat24cr x1mh8g0r x1vvkbs xtlvy1s x126k92a\">\n<div dir=\"auto\">Karakteristika t\u00eb ve\u00e7anta<\/div>\n<div dir=\"auto\">Tavolin\u00eb lojrash me veshje PU me cil\u00ebsi t\u00eb lart\u00eb<\/div>\n<div dir=\"auto\">Skaji kryesor me k\u00ebnd ergonomik p\u00ebr pozicionim t\u00eb rehatsh\u00ebm t\u00eb ky\u00e7it dhe parakrahut<\/div>\n<div dir=\"auto\">Tavolin\u00eb me gjer\u00ebsi 112 cm dhe sip\u00ebrfaqe t\u00eb strukturuar im\u00ebt, mjaft e madhe p\u00ebr 2 monitor\u00eb<\/div>\n<div dir=\"auto\">Korniz\u00eb \u00e7eliku, maj\u00eb tavoline MDF me cil\u00ebsi t\u00eb lart\u00eb 18 mm dhe k\u00ebmb\u00eb t\u00eb rregullueshme n\u00eb lart\u00ebsi<\/div>\n<div dir=\"auto\">Sistemi i menaxhimit t\u00eb kabllove p\u00ebr drejtimin dhe grumbullimin e paduksh\u00ebm t\u00eb kabllove tuaja<\/div>\n<div dir=\"auto\">P\u00ebrfshihet kufje opsionale dhe mbajt\u00ebse filxhani<\/div>\n<div dir=\"auto\">Konfigurim i leht\u00eb, gati p\u00ebr t\u00eb luajtur n\u00eb asnj\u00eb koh\u00eb<\/div>\n<div dir=\"auto\">P\u00ebrfshin 2 ngjit\u00ebse p\u00ebr t\u00eb personalizuar tavolin\u00ebn tuaj t\u00eb loj\u00ebrave: t\u00eb kuqe t\u00eb fort\u00eb dhe kamuflazh n\u00eb xhung\u00ebl<\/div>\n<\/div>\n","protected":false},"excerpt":{"rendered":"<div class=\"c-specs typography\">\n<div class=\"l-grid\">\n<h3 class=\"c-specs__header\">Compatibility<\/h3>\n<div class=\"c-specs__cell has--hr l-subgrid\">\n<div class=\"c-specs__first\">Max. weight<\/div>\n<div class=\"c-specs__second\">65 kg<\/div>\n<\/div>\n<\/div>\n<\/div>\n<div class=\"c-specs typography\">\n<div class=\"l-grid\">\n<h3 class=\"c-specs__header\">Size &amp; Weight<\/h3>\n<div class=\"c-specs__cell has--hr l-subgrid\">\n<div class=\"c-specs__first\">Total weight<\/div>\n<div class=\"c-specs__second\">19350 g<\/div>\n<div class=\"c-specs__first\">Depth of main product (in mm)<\/div>\n<div class=\"c-specs__second\">720 mm<\/div>\n<div class=\"c-specs__first\">Width of main product (in mm)<\/div>\n<div class=\"c-specs__second\">1200 mm<\/div>\n<div class=\"c-specs__first\">Height of main product (in mm)<\/div>\n<div class=\"c-specs__second\">750 mm<\/div>\n<\/div>\n<\/div>\n<\/div>\n","protected":false},"featured_media":2878,"template":"","meta":[],"product_brand":[],"product_cat":[83],"product_tag":[],"class_list":{"0":"post-2877","1":"product","2":"type-product","3":"status-publish","4":"has-post-thumbnail","6":"product_cat-accessories-mix","7":"description-off","9":"first","10":"instock","11":"shipping-taxable","12":"product-type-simple"},"aioseo_notices":[],"_links":{"self":[{"href":"https:\/\/kapidani.com\/index.php\/wp-json\/wp\/v2\/product\/2877","targetHints":{"allow":["GET"]}}],"collection":[{"href":"https:\/\/kapidani.com\/index.php\/wp-json\/wp\/v2\/product"}],"about":[{"href":"https:\/\/kapidani.com\/index.php\/wp-json\/wp\/v2\/types\/product"}],"wp:featuredmedia":[{"embeddable":true,"href":"https:\/\/kapidani.com\/index.php\/wp-json\/wp\/v2\/media\/2878"}],"wp:attachment":[{"href":"https:\/\/kapidani.com\/index.php\/wp-json\/wp\/v2\/media?parent=2877"}],"wp:term":[{"taxonomy":"product_brand","embeddable":true,"href":"https:\/\/kapidani.com\/index.php\/wp-json\/wp\/v2\/product_brand?post=2877"},{"taxonomy":"product_cat","embeddable":true,"href":"https:\/\/kapidani.com\/index.php\/wp-json\/wp\/v2\/product_cat?post=2877"},{"taxonomy":"product_tag","embeddable":true,"href":"https:\/\/kapidani.com\/index.php\/wp-json\/wp\/v2\/product_tag?post=2877"}],"curies":[{"name":"wp","href":"https:\/\/api.w.org\/{rel}","templated":true}]}}