{"id":289,"date":"2020-03-09T22:42:37","date_gmt":"2020-03-09T22:42:37","guid":{"rendered":"https:\/\/kapidani.com\/?post_type=product&#038;p=289"},"modified":"2020-04-08T18:37:42","modified_gmt":"2020-04-08T18:37:42","slug":"music-f-e330-boks-me-bateri-portativ-wireless-bluetooth-usb-aux-sd-card","status":"publish","type":"product","link":"https:\/\/kapidani.com\/index.php\/product\/music-f-e330-boks-me-bateri-portativ-wireless-bluetooth-usb-aux-sd-card\/","title":{"rendered":"Music-F E330 Boks me Bateri Portativ Wireless Bluetooth Usb Aux Sd Card &#8211; CMIMI 1700 LEKE"},"content":{"rendered":"<p><strong>Product Features<\/strong><br \/>\nBluetooth &#8211; 3.0 + EDR<br \/>\nOther Supports &#8211; L2 Cap \/ A2DP (AVCTP)\/AVDTP\/AVRCP<br \/>\nsupports Handsfree ( HSP\/HFP)<br \/>\nBuilt in Mic for handsfree phone calls<br \/>\nworking distance \/ range- 10 meters<br \/>\nSignal to Noise ratio (SNR)&gt;90DB<br \/>\nBattery 1200 MAH , Playing Time &#8211; 6 Hr<br \/>\nSpeaker Driver &#8211; 52 mm X 2<br \/>\nPower 5 Watt X 2<br \/>\nFrequency Response 150 Hz- 20 KHz<br \/>\nDimension of product &#8211; 75.5 MM X 75.5 MM X 161.6 MM ( 75.5 X 75.5 X 161.6 )MM<br \/>\nWeight &#8211; 512 gram<br \/>\nCharging &#8211; 5 Volts<\/p>\n","protected":false},"excerpt":{"rendered":"<p><span class=\"_5mfr\"><span class=\"_6qdm\">\ud83d\udd08<\/span><\/span><span class=\"_5mfr\"><span class=\"_6qdm\">\ud83d\udd09<\/span><\/span><span class=\"_5mfr\"><span class=\"_6qdm\">\ud83d\udd0a<\/span><\/span> Sherben 6 funksione ne 1 <span class=\"_5mfr\"><span class=\"_6qdm\">\ud83d\udd08<\/span><\/span><span class=\"_5mfr\"><span class=\"_6qdm\">\ud83d\udd09<\/span><\/span><span class=\"_5mfr\"><span class=\"_6qdm\">\ud83d\udd0a<\/span><\/span><br \/>\n1- Bluetooth \u2013 Lidhjen deri ne 10 metra distance<br \/>\nme CELULAR, TABLET, LAPTOP<br \/>\n2- USB \u2013 Suporton muzike MP3<br \/>\n3- JACK ose AUX Lidhet me PC, LAPTOP, TV, VIDIO LOJRA ETJ . . .<br \/>\n4- SD CARD \u2013 Suporton muzike MP3<br \/>\n5- RADIO FM<br \/>\n6- BATERI e rikarikueshme 5- 6 ore ne pune<\/p>\n<p>P\u00ebrshkrimi: Marka Muzik\u00eb-F E330 prodhon nje game te gjer produktesh audio Wireless Bluetooth Streaming &#8211; Lidheni pa tel me smartphone ose tablet\u00eb laptope me altoparlantin duke shijuar tingullin e plot\u00eb stereo. ; 6 or\u00eb koh\u00eb riprodhimi &#8211; Bateria e rimbushshme e Li-ion, mund te degjoni muzike me nje karikim deri n\u00eb 5-6 or\u00eb koh\u00eb. Mund ta karikoni lehtesisht p\u00ebrmes nj\u00eb porte USB. Splash-proof- Merrni n\u00eb plazh ose pishin\u00eb pa pasur nevoj\u00eb t\u00eb shqet\u00ebsoheni p\u00ebr derdhjen e bulzave te ujit. Altoparlanti Wireless Meku (Music-F) E330 amplifikon zerin ne forme te perkryer.<\/p>\n<p>Altoparlant &#8211; krijon nje muzike kristalisht t\u00eb qarta.<br \/>\nMateriali i q\u00ebndruesh\u00ebm i p\u00eblhur\u00ebs dhe plastikes te forte e lejon t\u00eb kap\u00ebrcej\u00eb t\u00eb gjitha aventurat tuaja.<br \/>\nRadiator Pasiv sjell tingullin e fuqish\u00ebm dhe t\u00ebrheq\u00ebs t\u00eb veshit, i cili ting\u00ebllon me z\u00eb t\u00eb lart\u00eb dhe i qart\u00eb.<\/p>\n<p>Specifikimi: Materiali: Funksioni ABS: Aux-in, Bluetooth, FM, kartel\u00eb TF, Rishikimi i bateris\u00eb USB: 5-6 or\u00eb n\u00eb kushte ideale. Chipa me dekodues pa tel audio, mb\u00ebshtet t\u00eb gjitha pajisjet e lidhura wireless. Mb\u00ebshtetni FM Radio, Mund t\u00eb k\u00ebrkoni direkt p\u00ebr stacione radio. Cil\u00ebsi e fantastike dhe dinamike e z\u00ebrit, boksi mund t\u00eb lidhen me telefonat mobil, kompjuter\u00ebt, laptop, tabletave, TV etj . . .<\/p>\n<p><span class=\"_5mfr\"><span class=\"_6qdm\">\ud83d\udcc3<\/span><\/span>\u00a0\u2013 Cdo produkt shoqerohet me fature te regullt TVSH<\/p>\n<p>Na ndiqni ne mediat sociale<\/p>\n<p><a href=\"https:\/\/www.facebook.com\/PCCService\/\">https:\/\/www.facebook.com\/PCCService\/<\/a><br \/>\n<a href=\"https:\/\/www.instagram.com\/pccserviceal\/?fbclid=IwAR2Hl9G0ef-EUuKBgJsKtHHgRQmrDpMR1DQ84_rrhs86bbWMX41Bdy9XBuQ\" target=\"_blank\" rel=\"nofollow noopener noreferrer\" data-lynx-mode=\"asynclazy\" data-lynx-uri=\"https:\/\/l.facebook.com\/l.php?u=https%3A%2F%2Fwww.instagram.com%2Fpccserviceal%2F%3Ffbclid%3DIwAR2Hl9G0ef-EUuKBgJsKtHHgRQmrDpMR1DQ84_rrhs86bbWMX41Bdy9XBuQ&amp;h=AT3knHjZkBzJw9rU9KG8SNFZ9YfCAO5Y1Eyy-2c-GKsvhDlsdEBdpCVh3pIuIPeQFpb6_Oa5oSM_EJO3pULEKjkugJQYvayPLKpaBzAwk5nW7cnsq-zN1BkhAJYUujCtmqMC_ZM\">https:\/\/www.instagram.com\/<wbr \/>pccserviceal\/<\/a><br \/>\n<span class=\"_5mfr\"><span class=\"_6qdm\">\ud83c\udfe0<\/span><\/span>\u00a0Adresa rruga e Dibres 150 merta prane Medresese<br \/>\n<span class=\"_5mfr\"><span class=\"_6qdm\">\u260e\ufe0f<\/span><\/span>\u00a0Nr kontakti 0692040300<\/p>\n","protected":false},"featured_media":291,"template":"","meta":[],"product_brand":[],"product_cat":[50],"product_tag":[],"class_list":{"0":"post-289","1":"product","2":"type-product","3":"status-publish","4":"has-post-thumbnail","6":"product_cat-audio","7":"description-off","9":"first","10":"instock","11":"shipping-taxable","12":"product-type-simple"},"yoast_head":"<!-- This site is optimized with the Yoast SEO plugin v27.3 - https:\/\/yoast.com\/product\/yoast-seo-wordpress\/ -->\n<title>Music-F E330 Boks me Bateri Portativ Wireless Bluetooth Usb Aux Sd Card - CMIMI 1700 LEKE - Kapidani PCCSERVICE<\/title>\n<meta name=\"robots\" content=\"index, follow, max-snippet:-1, max-image-preview:large, max-video-preview:-1\" \/>\n<link rel=\"canonical\" href=\"https:\/\/kapidani.com\/index.php\/product\/music-f-e330-boks-me-bateri-portativ-wireless-bluetooth-usb-aux-sd-card\/\" \/>\n<meta property=\"og:locale\" content=\"en_US\" \/>\n<meta property=\"og:type\" content=\"article\" \/>\n<meta property=\"og:title\" content=\"Music-F E330 Boks me Bateri Portativ Wireless Bluetooth Usb Aux Sd Card - CMIMI 1700 LEKE - Kapidani PCCSERVICE\" \/>\n<meta property=\"og:description\" content=\"\ud83d\udd08\ud83d\udd09\ud83d\udd0a Sherben 6 funksione ne 1 \ud83d\udd08\ud83d\udd09\ud83d\udd0a 1- Bluetooth \u2013 Lidhjen deri ne 10 metra distance me CELULAR, TABLET, LAPTOP 2- USB \u2013 Suporton muzike MP3 3- JACK ose AUX Lidhet me PC, LAPTOP, TV, VIDIO LOJRA ETJ . . . 4- SD CARD \u2013 Suporton muzike MP3 5- RADIO FM 6- BATERI e rikarikueshme 5- 6 ore ne pune  P\u00ebrshkrimi: Marka Muzik\u00eb-F E330 prodhon nje game te gjer produktesh audio Wireless Bluetooth Streaming - Lidheni pa tel me smartphone ose tablet\u00eb laptope me altoparlantin duke shijuar tingullin e plot\u00eb stereo. ; 6 or\u00eb koh\u00eb riprodhimi - Bateria e rimbushshme e Li-ion, mund te degjoni muzike me nje karikim deri n\u00eb 5-6 or\u00eb koh\u00eb. Mund ta karikoni lehtesisht p\u00ebrmes nj\u00eb porte USB. Splash-proof- Merrni n\u00eb plazh ose pishin\u00eb pa pasur nevoj\u00eb t\u00eb shqet\u00ebsoheni p\u00ebr derdhjen e bulzave te ujit. Altoparlanti Wireless Meku (Music-F) E330 amplifikon zerin ne forme te perkryer.  Altoparlant - krijon nje muzike kristalisht t\u00eb qarta. Materiali i q\u00ebndruesh\u00ebm i p\u00eblhur\u00ebs dhe plastikes te forte e lejon t\u00eb kap\u00ebrcej\u00eb t\u00eb gjitha aventurat tuaja. Radiator Pasiv sjell tingullin e fuqish\u00ebm dhe t\u00ebrheq\u00ebs t\u00eb veshit, i cili ting\u00ebllon me z\u00eb t\u00eb lart\u00eb dhe i qart\u00eb.  Specifikimi: Materiali: Funksioni ABS: Aux-in, Bluetooth, FM, kartel\u00eb TF, Rishikimi i bateris\u00eb USB: 5-6 or\u00eb n\u00eb kushte ideale. Chipa me dekodues pa tel audio, mb\u00ebshtet t\u00eb gjitha pajisjet e lidhura wireless. Mb\u00ebshtetni FM Radio, Mund t\u00eb k\u00ebrkoni direkt p\u00ebr stacione radio. Cil\u00ebsi e fantastike dhe dinamike e z\u00ebrit, boksi mund t\u00eb lidhen me telefonat mobil, kompjuter\u00ebt, laptop, tabletave, TV etj . . .  \ud83d\udcc3\u00a0\u2013 Cdo produkt shoqerohet me fature te regullt TVSH  Na ndiqni ne mediat sociale  https:\/\/www.facebook.com\/PCCService\/ https:\/\/www.instagram.com\/pccserviceal\/ \ud83c\udfe0\u00a0Adresa rruga e Dibres 150 merta prane Medresese \u260e\ufe0f\u00a0Nr kontakti 0692040300\" \/>\n<meta property=\"og:url\" content=\"https:\/\/kapidani.com\/index.php\/product\/music-f-e330-boks-me-bateri-portativ-wireless-bluetooth-usb-aux-sd-card\/\" \/>\n<meta property=\"og:site_name\" content=\"Kapidani PCCSERVICE\" \/>\n<meta property=\"article:modified_time\" content=\"2020-04-08T18:37:42+00:00\" \/>\n<meta property=\"og:image\" content=\"https:\/\/kapidani.com\/wp-content\/uploads\/2020\/03\/Music-F-E330-1.jpg\" \/>\n\t<meta property=\"og:image:width\" content=\"1100\" \/>\n\t<meta property=\"og:image:height\" content=\"1100\" \/>\n\t<meta property=\"og:image:type\" content=\"image\/jpeg\" \/>\n<meta name=\"twitter:card\" content=\"summary_large_image\" \/>\n<script type=\"application\/ld+json\" class=\"yoast-schema-graph\">{\"@context\":\"https:\\\/\\\/schema.org\",\"@graph\":[{\"@type\":\"WebPage\",\"@id\":\"https:\\\/\\\/kapidani.com\\\/index.php\\\/product\\\/music-f-e330-boks-me-bateri-portativ-wireless-bluetooth-usb-aux-sd-card\\\/\",\"url\":\"https:\\\/\\\/kapidani.com\\\/index.php\\\/product\\\/music-f-e330-boks-me-bateri-portativ-wireless-bluetooth-usb-aux-sd-card\\\/\",\"name\":\"Music-F E330 Boks me Bateri Portativ Wireless Bluetooth Usb Aux Sd Card - CMIMI 1700 LEKE - Kapidani PCCSERVICE\",\"isPartOf\":{\"@id\":\"https:\\\/\\\/kapidani.com\\\/#website\"},\"primaryImageOfPage\":{\"@id\":\"https:\\\/\\\/kapidani.com\\\/index.php\\\/product\\\/music-f-e330-boks-me-bateri-portativ-wireless-bluetooth-usb-aux-sd-card\\\/#primaryimage\"},\"image\":{\"@id\":\"https:\\\/\\\/kapidani.com\\\/index.php\\\/product\\\/music-f-e330-boks-me-bateri-portativ-wireless-bluetooth-usb-aux-sd-card\\\/#primaryimage\"},\"thumbnailUrl\":\"https:\\\/\\\/kapidani.com\\\/wp-content\\\/uploads\\\/2020\\\/03\\\/Music-F-E330-1.jpg\",\"datePublished\":\"2020-03-09T22:42:37+00:00\",\"dateModified\":\"2020-04-08T18:37:42+00:00\",\"breadcrumb\":{\"@id\":\"https:\\\/\\\/kapidani.com\\\/index.php\\\/product\\\/music-f-e330-boks-me-bateri-portativ-wireless-bluetooth-usb-aux-sd-card\\\/#breadcrumb\"},\"inLanguage\":\"en-US\",\"potentialAction\":[{\"@type\":\"ReadAction\",\"target\":[\"https:\\\/\\\/kapidani.com\\\/index.php\\\/product\\\/music-f-e330-boks-me-bateri-portativ-wireless-bluetooth-usb-aux-sd-card\\\/\"]}]},{\"@type\":\"ImageObject\",\"inLanguage\":\"en-US\",\"@id\":\"https:\\\/\\\/kapidani.com\\\/index.php\\\/product\\\/music-f-e330-boks-me-bateri-portativ-wireless-bluetooth-usb-aux-sd-card\\\/#primaryimage\",\"url\":\"https:\\\/\\\/kapidani.com\\\/wp-content\\\/uploads\\\/2020\\\/03\\\/Music-F-E330-1.jpg\",\"contentUrl\":\"https:\\\/\\\/kapidani.com\\\/wp-content\\\/uploads\\\/2020\\\/03\\\/Music-F-E330-1.jpg\",\"width\":1100,\"height\":1100},{\"@type\":\"BreadcrumbList\",\"@id\":\"https:\\\/\\\/kapidani.com\\\/index.php\\\/product\\\/music-f-e330-boks-me-bateri-portativ-wireless-bluetooth-usb-aux-sd-card\\\/#breadcrumb\",\"itemListElement\":[{\"@type\":\"ListItem\",\"position\":1,\"name\":\"Home\",\"item\":\"https:\\\/\\\/kapidani.com\\\/\"},{\"@type\":\"ListItem\",\"position\":2,\"name\":\"Shop\",\"item\":\"https:\\\/\\\/kapidani.com\\\/index.php\\\/shop\\\/\"},{\"@type\":\"ListItem\",\"position\":3,\"name\":\"Music-F E330 Boks me Bateri Portativ Wireless Bluetooth Usb Aux Sd Card &#8211; CMIMI 1700 LEKE\"}]},{\"@type\":\"WebSite\",\"@id\":\"https:\\\/\\\/kapidani.com\\\/#website\",\"url\":\"https:\\\/\\\/kapidani.com\\\/\",\"name\":\"Kapidani PCCSERVICE\",\"description\":\"Hardware, Software, Accessories, Services, Hdd, Computer, Laptops,\",\"potentialAction\":[{\"@type\":\"SearchAction\",\"target\":{\"@type\":\"EntryPoint\",\"urlTemplate\":\"https:\\\/\\\/kapidani.com\\\/?s={search_term_string}\"},\"query-input\":{\"@type\":\"PropertyValueSpecification\",\"valueRequired\":true,\"valueName\":\"search_term_string\"}}],\"inLanguage\":\"en-US\"}]}<\/script>\n<!-- \/ Yoast SEO plugin. -->","yoast_head_json":{"title":"Music-F E330 Boks me Bateri Portativ Wireless Bluetooth Usb Aux Sd Card - CMIMI 1700 LEKE - Kapidani PCCSERVICE","robots":{"index":"index","follow":"follow","max-snippet":"max-snippet:-1","max-image-preview":"max-image-preview:large","max-video-preview":"max-video-preview:-1"},"canonical":"https:\/\/kapidani.com\/index.php\/product\/music-f-e330-boks-me-bateri-portativ-wireless-bluetooth-usb-aux-sd-card\/","og_locale":"en_US","og_type":"article","og_title":"Music-F E330 Boks me Bateri Portativ Wireless Bluetooth Usb Aux Sd Card - CMIMI 1700 LEKE - Kapidani PCCSERVICE","og_description":"\ud83d\udd08\ud83d\udd09\ud83d\udd0a Sherben 6 funksione ne 1 \ud83d\udd08\ud83d\udd09\ud83d\udd0a 1- Bluetooth \u2013 Lidhjen deri ne 10 metra distance me CELULAR, TABLET, LAPTOP 2- USB \u2013 Suporton muzike MP3 3- JACK ose AUX Lidhet me PC, LAPTOP, TV, VIDIO LOJRA ETJ . . . 4- SD CARD \u2013 Suporton muzike MP3 5- RADIO FM 6- BATERI e rikarikueshme 5- 6 ore ne pune  P\u00ebrshkrimi: Marka Muzik\u00eb-F E330 prodhon nje game te gjer produktesh audio Wireless Bluetooth Streaming - Lidheni pa tel me smartphone ose tablet\u00eb laptope me altoparlantin duke shijuar tingullin e plot\u00eb stereo. ; 6 or\u00eb koh\u00eb riprodhimi - Bateria e rimbushshme e Li-ion, mund te degjoni muzike me nje karikim deri n\u00eb 5-6 or\u00eb koh\u00eb. Mund ta karikoni lehtesisht p\u00ebrmes nj\u00eb porte USB. Splash-proof- Merrni n\u00eb plazh ose pishin\u00eb pa pasur nevoj\u00eb t\u00eb shqet\u00ebsoheni p\u00ebr derdhjen e bulzave te ujit. Altoparlanti Wireless Meku (Music-F) E330 amplifikon zerin ne forme te perkryer.  Altoparlant - krijon nje muzike kristalisht t\u00eb qarta. Materiali i q\u00ebndruesh\u00ebm i p\u00eblhur\u00ebs dhe plastikes te forte e lejon t\u00eb kap\u00ebrcej\u00eb t\u00eb gjitha aventurat tuaja. Radiator Pasiv sjell tingullin e fuqish\u00ebm dhe t\u00ebrheq\u00ebs t\u00eb veshit, i cili ting\u00ebllon me z\u00eb t\u00eb lart\u00eb dhe i qart\u00eb.  Specifikimi: Materiali: Funksioni ABS: Aux-in, Bluetooth, FM, kartel\u00eb TF, Rishikimi i bateris\u00eb USB: 5-6 or\u00eb n\u00eb kushte ideale. Chipa me dekodues pa tel audio, mb\u00ebshtet t\u00eb gjitha pajisjet e lidhura wireless. Mb\u00ebshtetni FM Radio, Mund t\u00eb k\u00ebrkoni direkt p\u00ebr stacione radio. Cil\u00ebsi e fantastike dhe dinamike e z\u00ebrit, boksi mund t\u00eb lidhen me telefonat mobil, kompjuter\u00ebt, laptop, tabletave, TV etj . . .  \ud83d\udcc3\u00a0\u2013 Cdo produkt shoqerohet me fature te regullt TVSH  Na ndiqni ne mediat sociale  https:\/\/www.facebook.com\/PCCService\/ https:\/\/www.instagram.com\/pccserviceal\/ \ud83c\udfe0\u00a0Adresa rruga e Dibres 150 merta prane Medresese \u260e\ufe0f\u00a0Nr kontakti 0692040300","og_url":"https:\/\/kapidani.com\/index.php\/product\/music-f-e330-boks-me-bateri-portativ-wireless-bluetooth-usb-aux-sd-card\/","og_site_name":"Kapidani PCCSERVICE","article_modified_time":"2020-04-08T18:37:42+00:00","og_image":[{"width":1100,"height":1100,"url":"https:\/\/kapidani.com\/wp-content\/uploads\/2020\/03\/Music-F-E330-1.jpg","type":"image\/jpeg"}],"twitter_card":"summary_large_image","schema":{"@context":"https:\/\/schema.org","@graph":[{"@type":"WebPage","@id":"https:\/\/kapidani.com\/index.php\/product\/music-f-e330-boks-me-bateri-portativ-wireless-bluetooth-usb-aux-sd-card\/","url":"https:\/\/kapidani.com\/index.php\/product\/music-f-e330-boks-me-bateri-portativ-wireless-bluetooth-usb-aux-sd-card\/","name":"Music-F E330 Boks me Bateri Portativ Wireless Bluetooth Usb Aux Sd Card - CMIMI 1700 LEKE - Kapidani PCCSERVICE","isPartOf":{"@id":"https:\/\/kapidani.com\/#website"},"primaryImageOfPage":{"@id":"https:\/\/kapidani.com\/index.php\/product\/music-f-e330-boks-me-bateri-portativ-wireless-bluetooth-usb-aux-sd-card\/#primaryimage"},"image":{"@id":"https:\/\/kapidani.com\/index.php\/product\/music-f-e330-boks-me-bateri-portativ-wireless-bluetooth-usb-aux-sd-card\/#primaryimage"},"thumbnailUrl":"https:\/\/kapidani.com\/wp-content\/uploads\/2020\/03\/Music-F-E330-1.jpg","datePublished":"2020-03-09T22:42:37+00:00","dateModified":"2020-04-08T18:37:42+00:00","breadcrumb":{"@id":"https:\/\/kapidani.com\/index.php\/product\/music-f-e330-boks-me-bateri-portativ-wireless-bluetooth-usb-aux-sd-card\/#breadcrumb"},"inLanguage":"en-US","potentialAction":[{"@type":"ReadAction","target":["https:\/\/kapidani.com\/index.php\/product\/music-f-e330-boks-me-bateri-portativ-wireless-bluetooth-usb-aux-sd-card\/"]}]},{"@type":"ImageObject","inLanguage":"en-US","@id":"https:\/\/kapidani.com\/index.php\/product\/music-f-e330-boks-me-bateri-portativ-wireless-bluetooth-usb-aux-sd-card\/#primaryimage","url":"https:\/\/kapidani.com\/wp-content\/uploads\/2020\/03\/Music-F-E330-1.jpg","contentUrl":"https:\/\/kapidani.com\/wp-content\/uploads\/2020\/03\/Music-F-E330-1.jpg","width":1100,"height":1100},{"@type":"BreadcrumbList","@id":"https:\/\/kapidani.com\/index.php\/product\/music-f-e330-boks-me-bateri-portativ-wireless-bluetooth-usb-aux-sd-card\/#breadcrumb","itemListElement":[{"@type":"ListItem","position":1,"name":"Home","item":"https:\/\/kapidani.com\/"},{"@type":"ListItem","position":2,"name":"Shop","item":"https:\/\/kapidani.com\/index.php\/shop\/"},{"@type":"ListItem","position":3,"name":"Music-F E330 Boks me Bateri Portativ Wireless Bluetooth Usb Aux Sd Card &#8211; CMIMI 1700 LEKE"}]},{"@type":"WebSite","@id":"https:\/\/kapidani.com\/#website","url":"https:\/\/kapidani.com\/","name":"Kapidani PCCSERVICE","description":"Hardware, Software, Accessories, Services, Hdd, Computer, Laptops,","potentialAction":[{"@type":"SearchAction","target":{"@type":"EntryPoint","urlTemplate":"https:\/\/kapidani.com\/?s={search_term_string}"},"query-input":{"@type":"PropertyValueSpecification","valueRequired":true,"valueName":"search_term_string"}}],"inLanguage":"en-US"}]}},"_links":{"self":[{"href":"https:\/\/kapidani.com\/index.php\/wp-json\/wp\/v2\/product\/289","targetHints":{"allow":["GET"]}}],"collection":[{"href":"https:\/\/kapidani.com\/index.php\/wp-json\/wp\/v2\/product"}],"about":[{"href":"https:\/\/kapidani.com\/index.php\/wp-json\/wp\/v2\/types\/product"}],"wp:featuredmedia":[{"embeddable":true,"href":"https:\/\/kapidani.com\/index.php\/wp-json\/wp\/v2\/media\/291"}],"wp:attachment":[{"href":"https:\/\/kapidani.com\/index.php\/wp-json\/wp\/v2\/media?parent=289"}],"wp:term":[{"taxonomy":"product_brand","embeddable":true,"href":"https:\/\/kapidani.com\/index.php\/wp-json\/wp\/v2\/product_brand?post=289"},{"taxonomy":"product_cat","embeddable":true,"href":"https:\/\/kapidani.com\/index.php\/wp-json\/wp\/v2\/product_cat?post=289"},{"taxonomy":"product_tag","embeddable":true,"href":"https:\/\/kapidani.com\/index.php\/wp-json\/wp\/v2\/product_tag?post=289"}],"curies":[{"name":"wp","href":"https:\/\/api.w.org\/{rel}","templated":true}]}}