{"id":3370,"date":"2024-06-03T14:51:12","date_gmt":"2024-06-03T14:51:12","guid":{"rendered":"https:\/\/kapidani.com\/?post_type=product&#038;p=3370"},"modified":"2024-06-03T15:04:29","modified_gmt":"2024-06-03T15:04:29","slug":"detektor-i-parave-te-falsifikuara-counterfeit-money-currency-detector-ad-2138","status":"publish","type":"product","link":"https:\/\/kapidani.com\/index.php\/product\/detektor-i-parave-te-falsifikuara-counterfeit-money-currency-detector-ad-2138\/","title":{"rendered":"DETEKTOR I PARAVE TE FALSIFIKUARA &#8211; COUNTERFEIT MONEY CURRENCY DETECTOR &#8211; AD-2138"},"content":{"rendered":"<h2 class=\"pdp-mod-section-title outer-title\">Product details of AD-2138 Fake Note Detector Machine<\/h2>\n<div class=\"pdp-product-detail\" data-spm=\"product_detail\">\n<div class=\"pdp-product-desc height-limit\">\n<div class=\"html-content pdp-product-highlights\">\n<ul class=\"\">\n<li class=\"\">Model: Ad 2138<\/li>\n<li class=\"\">Perfect result to detect fake note<\/li>\n<li class=\"\">Compact and Portable<\/li>\n<li class=\"\">Easy to use<\/li>\n<li class=\"\">Energy Saving Auto on\/off switch<\/li>\n<li class=\"\">Powerful 15w UV light detector<\/li>\n<li class=\"\">Easy serivicing arrangment<\/li>\n<\/ul>\n<\/div>\n<div class=\"html-content detail-content\">\n<ul>\n<li data-spm-anchor-id=\"0.0.0.i102.26b674637EN3sb\"><strong>Product details of Fake note detector machine AD 2138<\/strong><\/li>\n<\/ul>\n<ul>\n<li data-spm-anchor-id=\"0.0.0.i101.26b674637EN3sb\">Model: Ad 2138<\/li>\n<li>Compact and Portable<\/li>\n<li>Easy to use<\/li>\n<li>Energy Saving Auto on\/off switch<\/li>\n<li>Powerful 15w UV light detector<\/li>\n<li>Florescent Light for Watermark Verification<\/li>\n<\/ul>\n<p>Whether your business has taken a loss from a counterfeit bill or you are taking preventative steps to detect counterfeits before they hit your cash tills. These machines help businesses detect counterfeit bills with easy to use UV counterfeit bill detectors, determine if it\u2019s counterfeit or if it has passed Scrooge McDuck\u2019s swim test.Fake Note Detector Bangladesh<\/p>\n<p><strong>Feature:<\/strong><\/p>\n<ul>\n<li data-spm-anchor-id=\"0.0.0.i103.26b674637EN3sb\">Verify Currency Notes, Debit Card, Credit Card, Passport, Stamp Paper and other secured documents. Easy to use Energy Saving Auto on\/off switch. Powerful 15w UV light detector. Power Consumption:&lt; 10W<\/li>\n<\/ul>\n<\/div>\n<\/div>\n<\/div>\n","protected":false},"excerpt":{"rendered":"<p>Crony AD-2138 Detektor i parave t\u00eb falsifikuara Verifikuesit e kart\u00ebmonedhave.<\/p>\n<p>Modeli: AD-2138<br \/>\nTeknologjia e zbulimit: Drita UV, magnetike-Zbulim, zmadhues<br \/>\nFurnizimi me energji elektrike: AC 220 V<br \/>\nKonsumi i energjis\u00eb: &lt;10 W<br \/>\nNd\u00ebrfaqja: NIL<br \/>\nMadh\u00ebsia e produktit: 190x130x140 mm<br \/>\nPesha: 550g<br \/>\nKarakteristikat shtes\u00eb: Zmadhues i integruar<br \/>\nZbulimi i filigran\u00ebve<br \/>\nNdezja\/Fikja automatike e kursimit t\u00eb energjis\u00eb<br \/>\nKompakt dhe i l\u00ebvizsh\u00ebm<\/p>\n","protected":false},"featured_media":3371,"template":"","meta":[],"product_brand":[],"product_cat":[83],"product_tag":[],"class_list":{"0":"post-3370","1":"product","2":"type-product","3":"status-publish","4":"has-post-thumbnail","6":"product_cat-accessories-mix","7":"description-off","9":"first","10":"instock","11":"sale","12":"shipping-taxable","13":"purchasable","14":"product-type-simple"},"yoast_head":"<!-- This site is optimized with the Yoast SEO plugin v27.3 - https:\/\/yoast.com\/product\/yoast-seo-wordpress\/ -->\n<title>DETEKTOR I PARAVE TE FALSIFIKUARA - COUNTERFEIT MONEY CURRENCY DETECTOR - AD-2138 - Kapidani PCCSERVICE<\/title>\n<meta name=\"robots\" content=\"index, follow, max-snippet:-1, max-image-preview:large, max-video-preview:-1\" \/>\n<link rel=\"canonical\" href=\"https:\/\/kapidani.com\/index.php\/product\/detektor-i-parave-te-falsifikuara-counterfeit-money-currency-detector-ad-2138\/\" \/>\n<meta property=\"og:locale\" content=\"en_US\" \/>\n<meta property=\"og:type\" content=\"article\" \/>\n<meta property=\"og:title\" content=\"DETEKTOR I PARAVE TE FALSIFIKUARA - COUNTERFEIT MONEY CURRENCY DETECTOR - AD-2138 - Kapidani PCCSERVICE\" \/>\n<meta property=\"og:description\" content=\"Crony AD-2138 Detektor i parave t\u00eb falsifikuara Verifikuesit e kart\u00ebmonedhave.  Modeli: AD-2138 Teknologjia e zbulimit: Drita UV, magnetike-Zbulim, zmadhues Furnizimi me energji elektrike: AC 220 V Konsumi i energjis\u00eb: &lt;10 W Nd\u00ebrfaqja: NIL Madh\u00ebsia e produktit: 190x130x140 mm Pesha: 550g Karakteristikat shtes\u00eb: Zmadhues i integruar Zbulimi i filigran\u00ebve Ndezja\/Fikja automatike e kursimit t\u00eb energjis\u00eb Kompakt dhe i l\u00ebvizsh\u00ebm\" \/>\n<meta property=\"og:url\" content=\"https:\/\/kapidani.com\/index.php\/product\/detektor-i-parave-te-falsifikuara-counterfeit-money-currency-detector-ad-2138\/\" \/>\n<meta property=\"og:site_name\" content=\"Kapidani PCCSERVICE\" \/>\n<meta property=\"article:modified_time\" content=\"2024-06-03T15:04:29+00:00\" \/>\n<meta property=\"og:image\" content=\"https:\/\/kapidani.com\/wp-content\/uploads\/2024\/06\/dedektori-i-lekeve-fallco.jpg\" \/>\n\t<meta property=\"og:image:width\" content=\"1000\" \/>\n\t<meta property=\"og:image:height\" content=\"1000\" \/>\n\t<meta property=\"og:image:type\" content=\"image\/jpeg\" \/>\n<meta name=\"twitter:card\" content=\"summary_large_image\" \/>\n<meta name=\"twitter:label1\" content=\"Est. reading time\" \/>\n\t<meta name=\"twitter:data1\" content=\"1 minute\" \/>\n<script type=\"application\/ld+json\" class=\"yoast-schema-graph\">{\"@context\":\"https:\\\/\\\/schema.org\",\"@graph\":[{\"@type\":\"WebPage\",\"@id\":\"https:\\\/\\\/kapidani.com\\\/index.php\\\/product\\\/detektor-i-parave-te-falsifikuara-counterfeit-money-currency-detector-ad-2138\\\/\",\"url\":\"https:\\\/\\\/kapidani.com\\\/index.php\\\/product\\\/detektor-i-parave-te-falsifikuara-counterfeit-money-currency-detector-ad-2138\\\/\",\"name\":\"DETEKTOR I PARAVE TE FALSIFIKUARA - COUNTERFEIT MONEY CURRENCY DETECTOR - AD-2138 - Kapidani PCCSERVICE\",\"isPartOf\":{\"@id\":\"https:\\\/\\\/kapidani.com\\\/#website\"},\"primaryImageOfPage\":{\"@id\":\"https:\\\/\\\/kapidani.com\\\/index.php\\\/product\\\/detektor-i-parave-te-falsifikuara-counterfeit-money-currency-detector-ad-2138\\\/#primaryimage\"},\"image\":{\"@id\":\"https:\\\/\\\/kapidani.com\\\/index.php\\\/product\\\/detektor-i-parave-te-falsifikuara-counterfeit-money-currency-detector-ad-2138\\\/#primaryimage\"},\"thumbnailUrl\":\"https:\\\/\\\/kapidani.com\\\/wp-content\\\/uploads\\\/2024\\\/06\\\/dedektori-i-lekeve-fallco.jpg\",\"datePublished\":\"2024-06-03T14:51:12+00:00\",\"dateModified\":\"2024-06-03T15:04:29+00:00\",\"breadcrumb\":{\"@id\":\"https:\\\/\\\/kapidani.com\\\/index.php\\\/product\\\/detektor-i-parave-te-falsifikuara-counterfeit-money-currency-detector-ad-2138\\\/#breadcrumb\"},\"inLanguage\":\"en-US\",\"potentialAction\":[{\"@type\":\"ReadAction\",\"target\":[\"https:\\\/\\\/kapidani.com\\\/index.php\\\/product\\\/detektor-i-parave-te-falsifikuara-counterfeit-money-currency-detector-ad-2138\\\/\"]}]},{\"@type\":\"ImageObject\",\"inLanguage\":\"en-US\",\"@id\":\"https:\\\/\\\/kapidani.com\\\/index.php\\\/product\\\/detektor-i-parave-te-falsifikuara-counterfeit-money-currency-detector-ad-2138\\\/#primaryimage\",\"url\":\"https:\\\/\\\/kapidani.com\\\/wp-content\\\/uploads\\\/2024\\\/06\\\/dedektori-i-lekeve-fallco.jpg\",\"contentUrl\":\"https:\\\/\\\/kapidani.com\\\/wp-content\\\/uploads\\\/2024\\\/06\\\/dedektori-i-lekeve-fallco.jpg\",\"width\":1000,\"height\":1000},{\"@type\":\"BreadcrumbList\",\"@id\":\"https:\\\/\\\/kapidani.com\\\/index.php\\\/product\\\/detektor-i-parave-te-falsifikuara-counterfeit-money-currency-detector-ad-2138\\\/#breadcrumb\",\"itemListElement\":[{\"@type\":\"ListItem\",\"position\":1,\"name\":\"Home\",\"item\":\"https:\\\/\\\/kapidani.com\\\/\"},{\"@type\":\"ListItem\",\"position\":2,\"name\":\"Shop\",\"item\":\"https:\\\/\\\/kapidani.com\\\/index.php\\\/shop\\\/\"},{\"@type\":\"ListItem\",\"position\":3,\"name\":\"DETEKTOR I PARAVE TE FALSIFIKUARA &#8211; COUNTERFEIT MONEY CURRENCY DETECTOR &#8211; AD-2138\"}]},{\"@type\":\"WebSite\",\"@id\":\"https:\\\/\\\/kapidani.com\\\/#website\",\"url\":\"https:\\\/\\\/kapidani.com\\\/\",\"name\":\"Kapidani PCCSERVICE\",\"description\":\"Hardware, Software, Accessories, Services, Hdd, Computer, Laptops,\",\"potentialAction\":[{\"@type\":\"SearchAction\",\"target\":{\"@type\":\"EntryPoint\",\"urlTemplate\":\"https:\\\/\\\/kapidani.com\\\/?s={search_term_string}\"},\"query-input\":{\"@type\":\"PropertyValueSpecification\",\"valueRequired\":true,\"valueName\":\"search_term_string\"}}],\"inLanguage\":\"en-US\"}]}<\/script>\n<!-- \/ Yoast SEO plugin. -->","yoast_head_json":{"title":"DETEKTOR I PARAVE TE FALSIFIKUARA - COUNTERFEIT MONEY CURRENCY DETECTOR - AD-2138 - Kapidani PCCSERVICE","robots":{"index":"index","follow":"follow","max-snippet":"max-snippet:-1","max-image-preview":"max-image-preview:large","max-video-preview":"max-video-preview:-1"},"canonical":"https:\/\/kapidani.com\/index.php\/product\/detektor-i-parave-te-falsifikuara-counterfeit-money-currency-detector-ad-2138\/","og_locale":"en_US","og_type":"article","og_title":"DETEKTOR I PARAVE TE FALSIFIKUARA - COUNTERFEIT MONEY CURRENCY DETECTOR - AD-2138 - Kapidani PCCSERVICE","og_description":"Crony AD-2138 Detektor i parave t\u00eb falsifikuara Verifikuesit e kart\u00ebmonedhave.  Modeli: AD-2138 Teknologjia e zbulimit: Drita UV, magnetike-Zbulim, zmadhues Furnizimi me energji elektrike: AC 220 V Konsumi i energjis\u00eb: &lt;10 W Nd\u00ebrfaqja: NIL Madh\u00ebsia e produktit: 190x130x140 mm Pesha: 550g Karakteristikat shtes\u00eb: Zmadhues i integruar Zbulimi i filigran\u00ebve Ndezja\/Fikja automatike e kursimit t\u00eb energjis\u00eb Kompakt dhe i l\u00ebvizsh\u00ebm","og_url":"https:\/\/kapidani.com\/index.php\/product\/detektor-i-parave-te-falsifikuara-counterfeit-money-currency-detector-ad-2138\/","og_site_name":"Kapidani PCCSERVICE","article_modified_time":"2024-06-03T15:04:29+00:00","og_image":[{"width":1000,"height":1000,"url":"https:\/\/kapidani.com\/wp-content\/uploads\/2024\/06\/dedektori-i-lekeve-fallco.jpg","type":"image\/jpeg"}],"twitter_card":"summary_large_image","twitter_misc":{"Est. reading time":"1 minute"},"schema":{"@context":"https:\/\/schema.org","@graph":[{"@type":"WebPage","@id":"https:\/\/kapidani.com\/index.php\/product\/detektor-i-parave-te-falsifikuara-counterfeit-money-currency-detector-ad-2138\/","url":"https:\/\/kapidani.com\/index.php\/product\/detektor-i-parave-te-falsifikuara-counterfeit-money-currency-detector-ad-2138\/","name":"DETEKTOR I PARAVE TE FALSIFIKUARA - COUNTERFEIT MONEY CURRENCY DETECTOR - AD-2138 - Kapidani PCCSERVICE","isPartOf":{"@id":"https:\/\/kapidani.com\/#website"},"primaryImageOfPage":{"@id":"https:\/\/kapidani.com\/index.php\/product\/detektor-i-parave-te-falsifikuara-counterfeit-money-currency-detector-ad-2138\/#primaryimage"},"image":{"@id":"https:\/\/kapidani.com\/index.php\/product\/detektor-i-parave-te-falsifikuara-counterfeit-money-currency-detector-ad-2138\/#primaryimage"},"thumbnailUrl":"https:\/\/kapidani.com\/wp-content\/uploads\/2024\/06\/dedektori-i-lekeve-fallco.jpg","datePublished":"2024-06-03T14:51:12+00:00","dateModified":"2024-06-03T15:04:29+00:00","breadcrumb":{"@id":"https:\/\/kapidani.com\/index.php\/product\/detektor-i-parave-te-falsifikuara-counterfeit-money-currency-detector-ad-2138\/#breadcrumb"},"inLanguage":"en-US","potentialAction":[{"@type":"ReadAction","target":["https:\/\/kapidani.com\/index.php\/product\/detektor-i-parave-te-falsifikuara-counterfeit-money-currency-detector-ad-2138\/"]}]},{"@type":"ImageObject","inLanguage":"en-US","@id":"https:\/\/kapidani.com\/index.php\/product\/detektor-i-parave-te-falsifikuara-counterfeit-money-currency-detector-ad-2138\/#primaryimage","url":"https:\/\/kapidani.com\/wp-content\/uploads\/2024\/06\/dedektori-i-lekeve-fallco.jpg","contentUrl":"https:\/\/kapidani.com\/wp-content\/uploads\/2024\/06\/dedektori-i-lekeve-fallco.jpg","width":1000,"height":1000},{"@type":"BreadcrumbList","@id":"https:\/\/kapidani.com\/index.php\/product\/detektor-i-parave-te-falsifikuara-counterfeit-money-currency-detector-ad-2138\/#breadcrumb","itemListElement":[{"@type":"ListItem","position":1,"name":"Home","item":"https:\/\/kapidani.com\/"},{"@type":"ListItem","position":2,"name":"Shop","item":"https:\/\/kapidani.com\/index.php\/shop\/"},{"@type":"ListItem","position":3,"name":"DETEKTOR I PARAVE TE FALSIFIKUARA &#8211; COUNTERFEIT MONEY CURRENCY DETECTOR &#8211; AD-2138"}]},{"@type":"WebSite","@id":"https:\/\/kapidani.com\/#website","url":"https:\/\/kapidani.com\/","name":"Kapidani PCCSERVICE","description":"Hardware, Software, Accessories, Services, Hdd, Computer, Laptops,","potentialAction":[{"@type":"SearchAction","target":{"@type":"EntryPoint","urlTemplate":"https:\/\/kapidani.com\/?s={search_term_string}"},"query-input":{"@type":"PropertyValueSpecification","valueRequired":true,"valueName":"search_term_string"}}],"inLanguage":"en-US"}]}},"_links":{"self":[{"href":"https:\/\/kapidani.com\/index.php\/wp-json\/wp\/v2\/product\/3370","targetHints":{"allow":["GET"]}}],"collection":[{"href":"https:\/\/kapidani.com\/index.php\/wp-json\/wp\/v2\/product"}],"about":[{"href":"https:\/\/kapidani.com\/index.php\/wp-json\/wp\/v2\/types\/product"}],"wp:featuredmedia":[{"embeddable":true,"href":"https:\/\/kapidani.com\/index.php\/wp-json\/wp\/v2\/media\/3371"}],"wp:attachment":[{"href":"https:\/\/kapidani.com\/index.php\/wp-json\/wp\/v2\/media?parent=3370"}],"wp:term":[{"taxonomy":"product_brand","embeddable":true,"href":"https:\/\/kapidani.com\/index.php\/wp-json\/wp\/v2\/product_brand?post=3370"},{"taxonomy":"product_cat","embeddable":true,"href":"https:\/\/kapidani.com\/index.php\/wp-json\/wp\/v2\/product_cat?post=3370"},{"taxonomy":"product_tag","embeddable":true,"href":"https:\/\/kapidani.com\/index.php\/wp-json\/wp\/v2\/product_tag?post=3370"}],"curies":[{"name":"wp","href":"https:\/\/api.w.org\/{rel}","templated":true}]}}