{"id":4334,"date":"2025-07-02T08:53:15","date_gmt":"2025-07-02T08:53:15","guid":{"rendered":"https:\/\/kapidani.com\/?post_type=product&#038;p=4334"},"modified":"2025-07-02T08:53:41","modified_gmt":"2025-07-02T08:53:41","slug":"patona-battery-hp-840-g5-g6-ss03-h-932823-421-hsn-i13c-4-ss03xl","status":"publish","type":"product","link":"https:\/\/kapidani.com\/index.php\/product\/patona-battery-hp-840-g5-g6-ss03-h-932823-421-hsn-i13c-4-ss03xl\/","title":{"rendered":"PATONA BATTERY HP 840 G5 G6 SS03-H 932823-421 HSN-I13C-4 SS03XL"},"content":{"rendered":"<div class=\"content--title\">Informacion mbi produktin &#8220;Bateri PATONA p\u00ebr HP 840 G5 G6 SS03-H 932823-421 HSN-I13C-4 SS03XL&#8221;<\/div>\n<div class=\"product--description\">\n<h2>Bateri PATONA p\u00ebr HP 840 G5 G6 SS03-H 932823-421 HSN-I13C-4 SS03XL<\/h2>\n<p>Bateri me performanc\u00eb t\u00eb lart\u00eb me qeliza t\u00eb reja t\u00eb markave me cil\u00ebsi t\u00eb lart\u00eb si Panasonic, LG, Sanyo,&#8230;<br \/>\n<strong>100% e p\u00ebrputhshme<\/strong>\u00a0me baterit\u00eb origjinale HP fal\u00eb nj\u00eb p\u00ebrshtatjeje t\u00eb personalizuar q\u00eb p\u00ebrfshin mbrojtje nga mbingarkesa dhe qarku i shkurt\u00ebr.<\/p>\n<p><strong>T\u00eb dh\u00ebna teknike:<br \/>\n<\/strong>Tensioni: 11.55 Volt<br \/>\nKapaciteti: 2200mAh \/ 25Wh<br \/>\nLloji i bateris\u00eb: Li-Polimer<br \/>\nMarka: PATONA<\/p>\n<p><strong>Bateria \u00ebsht\u00eb e p\u00ebrshtatshme p\u00ebr modelet e m\u00ebposhtme:<\/strong><\/p>\n<p><strong>HP<br \/>\n<\/strong>Elitebook 735 G5, EliteBook 735 G5 (3UN62EA), EliteBook 735 G5 (3UP63EA), EliteBook 735 G5 (3PJ63AW), EliteBook 735 G5 (3UN62EA), EliteBook 735 G5 (3UP5Book4, EliteBook4 7), G5 3UN74EA, EliteBook 745 G5(3PK83AW), EliteBook 745 G5(3UN74EA), EliteBook 745 G5(3UP37EA), EliteBook 745 G5(3UP64EA), EliteBook 755 G5, EliteBook 7575EA G575 G5 (3PK93AW), EliteBook 755 G5 (3UN79EA), EliteBook 755 G5 (3UP42EA), EliteBook 755 G5(3UP65EA), EliteBook 830 G5, ELITEBOOK 830 G5-3UU07PC, ELITEBOOK 830 G5-3UW35PC, EliteBook 836 G5, EliteBook 840 G5, EliteBook 840 G5(3JX00EA), EliteBook 846 G5, ZBook 14u G5, ZBook 14u G5 2ZB99EA, ZBook 14u G5 2ZC01EA, ZBook 14u G5 2ZC02EA, ZBook 14u G5(2ZB99EA), ZBook 14u G5(2ZC01EA), EliteBook 830 G5 G6 EliteBook 840 G5 G6<\/p>\n<p><strong>P\u00ebrcaktimi i origjin\u00ebs s\u00eb baterive HP<br \/>\nKjo bateri z\u00ebvend\u00ebson llojet e baterive t\u00eb m\u00ebvonshme:<\/strong><\/p>\n<p><strong>HP<\/strong>\u00a0932823-1C1, 932823-421, 933321-855, HSN-112C, HSN-113C-4, HSN-I12C, HSN-I13C-4, HSTNN-IB8C, HSTNN-LB8G, SS03, SS03XL<\/p>\n<p><strong>Gj\u00ebra q\u00eb duhet t\u00eb dini:<br \/>\n<\/strong>Me k\u00ebt\u00eb bateri Li-Polymer, ju merrni nj\u00eb produkt cil\u00ebsor. Bateria \u00ebsht\u00eb 100% identike me baterin\u00eb origjinale. T\u00eb gjitha baterit\u00eb prodhohen sipas standardeve m\u00eb t\u00eb larta evropiane t\u00eb cil\u00ebsis\u00eb dhe jan\u00eb jasht\u00ebzakonisht t\u00eb q\u00ebndrueshme.<br \/>\nP\u00ebrve\u00e7 k\u00ebsaj, baterit\u00eb tona kan\u00eb stabilitetin m\u00eb t\u00eb lart\u00eb t\u00eb ciklit, q\u00eb do t\u00eb thot\u00eb nj\u00eb num\u00ebr i lart\u00eb i cikleve t\u00eb mundshme t\u00eb karikimit-shkarkimit. Vet\u00ebshkarkimi i ul\u00ebt i baterive siguron humbje t\u00eb ul\u00ebt t\u00eb energjis\u00eb kur nuk jan\u00eb n\u00eb p\u00ebrdorim.<br \/>\nBaterit\u00eb e pajtueshme kopje kan\u00eb t\u00eb gjitha ve\u00e7orit\u00eb e siguris\u00eb elektronike t\u00eb baterive origjinale dhe sigurisht q\u00eb mund t\u00eb karikohen me furnizimin tuaj origjinal t\u00eb energjis\u00eb.<\/p>\n<\/div>\n","protected":false},"excerpt":{"rendered":"<ul class=\"product--base-info list--unstyled\">\n<li class=\"base-info--entry entry--sku\"><strong class=\"entry--label\">Item number:<\/strong>\u00a0<span class=\"entry--content\">2913<\/span><\/li>\n<li class=\"base-info--entry entry-attribute\"><strong class=\"entry--label\">EAN:<\/strong>\u00a0<span class=\"entry--content\">4055655238298<\/span><\/li>\n<li class=\"base-info--entry entry-attribute\"><strong class=\"entry--label\">Packaging:<\/strong>\u00a0<span class=\"entry--content\">30,20&#215;10,79&#215;4,90cm<\/span><\/li>\n<li class=\"base-info--entry entry-attribute\"><strong class=\"entry--label\">Product:<\/strong>\u00a0<span class=\"entry--content\">27,80&#215;7,10&#215;0,70cm<\/span><\/li>\n<li class=\"base-info--entry entry-attribute\"><strong class=\"entry--label\">Net weight:<\/strong>\u00a0<span class=\"entry--content\">0,127kg<\/span><\/li>\n<li class=\"base-info--entry entry-attribute\"><strong class=\"entry--label\">Gross weight:<\/strong>\u00a0<span class=\"entry--content\"><span class=\"entry--content\">0,234kg<br \/>\n<\/span><\/span><strong><strong>Udh\u00ebzime sigurie:<\/strong><\/strong>&nbsp;<\/p>\n<ul>\n<li>P\u00ebrdoret vet\u00ebm p\u00ebr modele t\u00eb pajtueshme.<\/li>\n<li>Mos e hapni ose riparoni.<\/li>\n<li>Pa kontakt me ujin dhe nxeht\u00ebsin\u00eb.<\/li>\n<li>Mos e hidhni n\u00eb zjarr.<\/li>\n<li>Mbajeni larg f\u00ebmij\u00ebve.<\/li>\n<\/ul>\n<\/li>\n<\/ul>\n","protected":false},"featured_media":4335,"template":"","meta":[],"product_brand":[],"product_cat":[41],"product_tag":[],"class_list":{"0":"post-4334","1":"product","2":"type-product","3":"status-publish","4":"has-post-thumbnail","6":"product_cat-bateri","7":"description-off","9":"first","10":"instock","11":"shipping-taxable","12":"purchasable","13":"product-type-simple"},"yoast_head":"<!-- This site is optimized with the Yoast SEO plugin v27.3 - https:\/\/yoast.com\/product\/yoast-seo-wordpress\/ -->\n<title>PATONA BATTERY HP 840 G5 G6 SS03-H 932823-421 HSN-I13C-4 SS03XL - Kapidani PCCSERVICE<\/title>\n<meta name=\"robots\" content=\"index, follow, max-snippet:-1, max-image-preview:large, max-video-preview:-1\" \/>\n<link rel=\"canonical\" href=\"https:\/\/kapidani.com\/index.php\/product\/patona-battery-hp-840-g5-g6-ss03-h-932823-421-hsn-i13c-4-ss03xl\/\" \/>\n<meta property=\"og:locale\" content=\"en_US\" \/>\n<meta property=\"og:type\" content=\"article\" \/>\n<meta property=\"og:title\" content=\"PATONA BATTERY HP 840 G5 G6 SS03-H 932823-421 HSN-I13C-4 SS03XL - Kapidani PCCSERVICE\" \/>\n<meta property=\"og:description\" content=\"Item number:\u00a02913  EAN:\u00a04055655238298  Packaging:\u00a030,20x10,79x4,90cm  Product:\u00a027,80x7,10x0,70cm  Net weight:\u00a00,127kg  Gross weight:\u00a00,234kg Udh\u00ebzime sigurie:&nbsp;   P\u00ebrdoret vet\u00ebm p\u00ebr modele t\u00eb pajtueshme.  Mos e hapni ose riparoni.  Pa kontakt me ujin dhe nxeht\u00ebsin\u00eb.  Mos e hidhni n\u00eb zjarr.  Mbajeni larg f\u00ebmij\u00ebve.\" \/>\n<meta property=\"og:url\" content=\"https:\/\/kapidani.com\/index.php\/product\/patona-battery-hp-840-g5-g6-ss03-h-932823-421-hsn-i13c-4-ss03xl\/\" \/>\n<meta property=\"og:site_name\" content=\"Kapidani PCCSERVICE\" \/>\n<meta property=\"article:modified_time\" content=\"2025-07-02T08:53:41+00:00\" \/>\n<meta property=\"og:image\" content=\"https:\/\/kapidani.com\/wp-content\/uploads\/2025\/07\/Patona1.png\" \/>\n\t<meta property=\"og:image:width\" content=\"600\" \/>\n\t<meta property=\"og:image:height\" content=\"600\" \/>\n\t<meta property=\"og:image:type\" content=\"image\/png\" \/>\n<meta name=\"twitter:card\" content=\"summary_large_image\" \/>\n<meta name=\"twitter:label1\" content=\"Est. reading time\" \/>\n\t<meta name=\"twitter:data1\" content=\"2 minutes\" \/>\n<script type=\"application\/ld+json\" class=\"yoast-schema-graph\">{\"@context\":\"https:\\\/\\\/schema.org\",\"@graph\":[{\"@type\":\"WebPage\",\"@id\":\"https:\\\/\\\/kapidani.com\\\/index.php\\\/product\\\/patona-battery-hp-840-g5-g6-ss03-h-932823-421-hsn-i13c-4-ss03xl\\\/\",\"url\":\"https:\\\/\\\/kapidani.com\\\/index.php\\\/product\\\/patona-battery-hp-840-g5-g6-ss03-h-932823-421-hsn-i13c-4-ss03xl\\\/\",\"name\":\"PATONA BATTERY HP 840 G5 G6 SS03-H 932823-421 HSN-I13C-4 SS03XL - Kapidani PCCSERVICE\",\"isPartOf\":{\"@id\":\"https:\\\/\\\/kapidani.com\\\/#website\"},\"primaryImageOfPage\":{\"@id\":\"https:\\\/\\\/kapidani.com\\\/index.php\\\/product\\\/patona-battery-hp-840-g5-g6-ss03-h-932823-421-hsn-i13c-4-ss03xl\\\/#primaryimage\"},\"image\":{\"@id\":\"https:\\\/\\\/kapidani.com\\\/index.php\\\/product\\\/patona-battery-hp-840-g5-g6-ss03-h-932823-421-hsn-i13c-4-ss03xl\\\/#primaryimage\"},\"thumbnailUrl\":\"https:\\\/\\\/kapidani.com\\\/wp-content\\\/uploads\\\/2025\\\/07\\\/Patona1.png\",\"datePublished\":\"2025-07-02T08:53:15+00:00\",\"dateModified\":\"2025-07-02T08:53:41+00:00\",\"breadcrumb\":{\"@id\":\"https:\\\/\\\/kapidani.com\\\/index.php\\\/product\\\/patona-battery-hp-840-g5-g6-ss03-h-932823-421-hsn-i13c-4-ss03xl\\\/#breadcrumb\"},\"inLanguage\":\"en-US\",\"potentialAction\":[{\"@type\":\"ReadAction\",\"target\":[\"https:\\\/\\\/kapidani.com\\\/index.php\\\/product\\\/patona-battery-hp-840-g5-g6-ss03-h-932823-421-hsn-i13c-4-ss03xl\\\/\"]}]},{\"@type\":\"ImageObject\",\"inLanguage\":\"en-US\",\"@id\":\"https:\\\/\\\/kapidani.com\\\/index.php\\\/product\\\/patona-battery-hp-840-g5-g6-ss03-h-932823-421-hsn-i13c-4-ss03xl\\\/#primaryimage\",\"url\":\"https:\\\/\\\/kapidani.com\\\/wp-content\\\/uploads\\\/2025\\\/07\\\/Patona1.png\",\"contentUrl\":\"https:\\\/\\\/kapidani.com\\\/wp-content\\\/uploads\\\/2025\\\/07\\\/Patona1.png\",\"width\":600,\"height\":600},{\"@type\":\"BreadcrumbList\",\"@id\":\"https:\\\/\\\/kapidani.com\\\/index.php\\\/product\\\/patona-battery-hp-840-g5-g6-ss03-h-932823-421-hsn-i13c-4-ss03xl\\\/#breadcrumb\",\"itemListElement\":[{\"@type\":\"ListItem\",\"position\":1,\"name\":\"Home\",\"item\":\"https:\\\/\\\/kapidani.com\\\/\"},{\"@type\":\"ListItem\",\"position\":2,\"name\":\"Shop\",\"item\":\"https:\\\/\\\/kapidani.com\\\/index.php\\\/shop\\\/\"},{\"@type\":\"ListItem\",\"position\":3,\"name\":\"PATONA BATTERY HP 840 G5 G6 SS03-H 932823-421 HSN-I13C-4 SS03XL\"}]},{\"@type\":\"WebSite\",\"@id\":\"https:\\\/\\\/kapidani.com\\\/#website\",\"url\":\"https:\\\/\\\/kapidani.com\\\/\",\"name\":\"Kapidani PCCSERVICE\",\"description\":\"Hardware, Software, Accessories, Services, Hdd, Computer, Laptops,\",\"potentialAction\":[{\"@type\":\"SearchAction\",\"target\":{\"@type\":\"EntryPoint\",\"urlTemplate\":\"https:\\\/\\\/kapidani.com\\\/?s={search_term_string}\"},\"query-input\":{\"@type\":\"PropertyValueSpecification\",\"valueRequired\":true,\"valueName\":\"search_term_string\"}}],\"inLanguage\":\"en-US\"}]}<\/script>\n<!-- \/ Yoast SEO plugin. -->","yoast_head_json":{"title":"PATONA BATTERY HP 840 G5 G6 SS03-H 932823-421 HSN-I13C-4 SS03XL - Kapidani PCCSERVICE","robots":{"index":"index","follow":"follow","max-snippet":"max-snippet:-1","max-image-preview":"max-image-preview:large","max-video-preview":"max-video-preview:-1"},"canonical":"https:\/\/kapidani.com\/index.php\/product\/patona-battery-hp-840-g5-g6-ss03-h-932823-421-hsn-i13c-4-ss03xl\/","og_locale":"en_US","og_type":"article","og_title":"PATONA BATTERY HP 840 G5 G6 SS03-H 932823-421 HSN-I13C-4 SS03XL - Kapidani PCCSERVICE","og_description":"Item number:\u00a02913  EAN:\u00a04055655238298  Packaging:\u00a030,20x10,79x4,90cm  Product:\u00a027,80x7,10x0,70cm  Net weight:\u00a00,127kg  Gross weight:\u00a00,234kg Udh\u00ebzime sigurie:&nbsp;   P\u00ebrdoret vet\u00ebm p\u00ebr modele t\u00eb pajtueshme.  Mos e hapni ose riparoni.  Pa kontakt me ujin dhe nxeht\u00ebsin\u00eb.  Mos e hidhni n\u00eb zjarr.  Mbajeni larg f\u00ebmij\u00ebve.","og_url":"https:\/\/kapidani.com\/index.php\/product\/patona-battery-hp-840-g5-g6-ss03-h-932823-421-hsn-i13c-4-ss03xl\/","og_site_name":"Kapidani PCCSERVICE","article_modified_time":"2025-07-02T08:53:41+00:00","og_image":[{"width":600,"height":600,"url":"https:\/\/kapidani.com\/wp-content\/uploads\/2025\/07\/Patona1.png","type":"image\/png"}],"twitter_card":"summary_large_image","twitter_misc":{"Est. reading time":"2 minutes"},"schema":{"@context":"https:\/\/schema.org","@graph":[{"@type":"WebPage","@id":"https:\/\/kapidani.com\/index.php\/product\/patona-battery-hp-840-g5-g6-ss03-h-932823-421-hsn-i13c-4-ss03xl\/","url":"https:\/\/kapidani.com\/index.php\/product\/patona-battery-hp-840-g5-g6-ss03-h-932823-421-hsn-i13c-4-ss03xl\/","name":"PATONA BATTERY HP 840 G5 G6 SS03-H 932823-421 HSN-I13C-4 SS03XL - Kapidani PCCSERVICE","isPartOf":{"@id":"https:\/\/kapidani.com\/#website"},"primaryImageOfPage":{"@id":"https:\/\/kapidani.com\/index.php\/product\/patona-battery-hp-840-g5-g6-ss03-h-932823-421-hsn-i13c-4-ss03xl\/#primaryimage"},"image":{"@id":"https:\/\/kapidani.com\/index.php\/product\/patona-battery-hp-840-g5-g6-ss03-h-932823-421-hsn-i13c-4-ss03xl\/#primaryimage"},"thumbnailUrl":"https:\/\/kapidani.com\/wp-content\/uploads\/2025\/07\/Patona1.png","datePublished":"2025-07-02T08:53:15+00:00","dateModified":"2025-07-02T08:53:41+00:00","breadcrumb":{"@id":"https:\/\/kapidani.com\/index.php\/product\/patona-battery-hp-840-g5-g6-ss03-h-932823-421-hsn-i13c-4-ss03xl\/#breadcrumb"},"inLanguage":"en-US","potentialAction":[{"@type":"ReadAction","target":["https:\/\/kapidani.com\/index.php\/product\/patona-battery-hp-840-g5-g6-ss03-h-932823-421-hsn-i13c-4-ss03xl\/"]}]},{"@type":"ImageObject","inLanguage":"en-US","@id":"https:\/\/kapidani.com\/index.php\/product\/patona-battery-hp-840-g5-g6-ss03-h-932823-421-hsn-i13c-4-ss03xl\/#primaryimage","url":"https:\/\/kapidani.com\/wp-content\/uploads\/2025\/07\/Patona1.png","contentUrl":"https:\/\/kapidani.com\/wp-content\/uploads\/2025\/07\/Patona1.png","width":600,"height":600},{"@type":"BreadcrumbList","@id":"https:\/\/kapidani.com\/index.php\/product\/patona-battery-hp-840-g5-g6-ss03-h-932823-421-hsn-i13c-4-ss03xl\/#breadcrumb","itemListElement":[{"@type":"ListItem","position":1,"name":"Home","item":"https:\/\/kapidani.com\/"},{"@type":"ListItem","position":2,"name":"Shop","item":"https:\/\/kapidani.com\/index.php\/shop\/"},{"@type":"ListItem","position":3,"name":"PATONA BATTERY HP 840 G5 G6 SS03-H 932823-421 HSN-I13C-4 SS03XL"}]},{"@type":"WebSite","@id":"https:\/\/kapidani.com\/#website","url":"https:\/\/kapidani.com\/","name":"Kapidani PCCSERVICE","description":"Hardware, Software, Accessories, Services, Hdd, Computer, Laptops,","potentialAction":[{"@type":"SearchAction","target":{"@type":"EntryPoint","urlTemplate":"https:\/\/kapidani.com\/?s={search_term_string}"},"query-input":{"@type":"PropertyValueSpecification","valueRequired":true,"valueName":"search_term_string"}}],"inLanguage":"en-US"}]}},"_links":{"self":[{"href":"https:\/\/kapidani.com\/index.php\/wp-json\/wp\/v2\/product\/4334","targetHints":{"allow":["GET"]}}],"collection":[{"href":"https:\/\/kapidani.com\/index.php\/wp-json\/wp\/v2\/product"}],"about":[{"href":"https:\/\/kapidani.com\/index.php\/wp-json\/wp\/v2\/types\/product"}],"wp:featuredmedia":[{"embeddable":true,"href":"https:\/\/kapidani.com\/index.php\/wp-json\/wp\/v2\/media\/4335"}],"wp:attachment":[{"href":"https:\/\/kapidani.com\/index.php\/wp-json\/wp\/v2\/media?parent=4334"}],"wp:term":[{"taxonomy":"product_brand","embeddable":true,"href":"https:\/\/kapidani.com\/index.php\/wp-json\/wp\/v2\/product_brand?post=4334"},{"taxonomy":"product_cat","embeddable":true,"href":"https:\/\/kapidani.com\/index.php\/wp-json\/wp\/v2\/product_cat?post=4334"},{"taxonomy":"product_tag","embeddable":true,"href":"https:\/\/kapidani.com\/index.php\/wp-json\/wp\/v2\/product_tag?post=4334"}],"curies":[{"name":"wp","href":"https:\/\/api.w.org\/{rel}","templated":true}]}}