{"id":604,"date":"2020-03-13T18:31:51","date_gmt":"2020-03-13T18:31:51","guid":{"rendered":"https:\/\/kapidani.com\/?post_type=product&#038;p=604"},"modified":"2021-10-06T10:36:15","modified_gmt":"2021-10-06T10:36:15","slug":"cante-3-funksione-ne-nje-cmimi-2500-leke","status":"publish","type":"product","link":"https:\/\/kapidani.com\/index.php\/product\/cante-3-funksione-ne-nje-cmimi-2500-leke\/","title":{"rendered":"CANTE 3 FUNKSIONE NE NJE &#8211; CMIMI 2500 LEKE"},"content":{"rendered":"<p>Sh\u00ebnime:<br \/>\n1. P\u00ebr shkak t\u00eb monitorimit t\u00eb ndrysh\u00ebm dhe efektit t\u00eb drit\u00ebs, ngjyra e v\u00ebrtet\u00eb e sendit mund t\u00eb jet\u00eb paksa e ndryshme nga ngjyra e treguar n\u00eb fotografi. Faleminderit!<br \/>\n2. Ju lutemi lejoni devijimin mat\u00ebs 1-3 cm p\u00ebr shkak t\u00eb matjes manuale.<\/p>\n","protected":false},"excerpt":{"rendered":"<p>Cante 3 ne 1 &#8211; Cante dore, Cante shpine, Cante shpatulle ne 1.<br \/>\nProdhuar me nj\u00eb material t\u00eb frym\u00ebmarrjes p\u00ebr t\u00eb parandaluar ndjenj\u00ebn e nxeht\u00eb dhe t\u00eb djersitur gjat\u00eb veshjes.<\/p>\n<p>Lloji i artikullit: Cante multifunksionale laptopi tableti etj . . .<span class=\"text_exposed_show\"><br \/>\nMateriali: Najloni Poliester rezistent ndaj gervishtjeve<br \/>\nNgjyra: E zez\u00eb, e purpurt, kafe<br \/>\nLloji i mbylljes: Zinxhir<br \/>\nDimensioni: p\u00ebraf\u00ebrsisht. 30 x 13 x 41 cm<br \/>\nKapaciteti: Mund t\u00eb ruaj\u00eb laptop 15.6 in\u00e7<br \/>\nLloji: Shpatull \/ Shpin\u00ebs \/ Dore<br \/>\nGjinia: Uniseks<br \/>\nSiguria: Rezistente ndaj shiut<\/span><\/p>\n<p>Paketa p\u00ebrfshin:<br \/>\nPaket\u00eb laptop\u00eb 1x laptop me Port USB<\/p>\n<p><span class=\"_5mfr\"><span class=\"_6qdm\">\ud83d\udcc3<\/span><\/span>\u00a0\u2013 Cdo produkt shoqerohet me fature te regullt TVSH<\/p>\n<p>Na ndiqni ne mediat sociale<\/p>\n<p><a href=\"https:\/\/www.facebook.com\/PCCService\/\">https:\/\/www.facebook.com\/PCCService\/<\/a><br \/>\n<a href=\"https:\/\/www.instagram.com\/pccserviceal\/?fbclid=IwAR2Hl9G0ef-EUuKBgJsKtHHgRQmrDpMR1DQ84_rrhs86bbWMX41Bdy9XBuQ\" target=\"_blank\" rel=\"nofollow noopener noreferrer\" data-lynx-mode=\"asynclazy\" data-lynx-uri=\"https:\/\/l.facebook.com\/l.php?u=https%3A%2F%2Fwww.instagram.com%2Fpccserviceal%2F%3Ffbclid%3DIwAR2Hl9G0ef-EUuKBgJsKtHHgRQmrDpMR1DQ84_rrhs86bbWMX41Bdy9XBuQ&amp;h=AT3knHjZkBzJw9rU9KG8SNFZ9YfCAO5Y1Eyy-2c-GKsvhDlsdEBdpCVh3pIuIPeQFpb6_Oa5oSM_EJO3pULEKjkugJQYvayPLKpaBzAwk5nW7cnsq-zN1BkhAJYUujCtmqMC_ZM\">https:\/\/www.instagram.com\/<wbr \/>pccserviceal\/<\/a><br \/>\n<span class=\"_5mfr\"><span class=\"_6qdm\">\ud83c\udfe0<\/span><\/span>\u00a0Adresa rruga e Dibres 150 merta prane Medresese<br \/>\n<span class=\"_5mfr\"><span class=\"_6qdm\">\u260e\ufe0f<\/span><\/span>\u00a0Nr kontakti 0692040300<\/p>\n","protected":false},"featured_media":605,"template":"","meta":[],"product_brand":[],"product_cat":[49],"product_tag":[],"class_list":{"0":"post-604","1":"product","2":"type-product","3":"status-publish","4":"has-post-thumbnail","6":"product_cat-laptop-bag","7":"description-off","9":"first","10":"outofstock","11":"shipping-taxable","12":"purchasable","13":"product-type-simple"},"aioseo_notices":[],"_links":{"self":[{"href":"https:\/\/kapidani.com\/index.php\/wp-json\/wp\/v2\/product\/604","targetHints":{"allow":["GET"]}}],"collection":[{"href":"https:\/\/kapidani.com\/index.php\/wp-json\/wp\/v2\/product"}],"about":[{"href":"https:\/\/kapidani.com\/index.php\/wp-json\/wp\/v2\/types\/product"}],"wp:featuredmedia":[{"embeddable":true,"href":"https:\/\/kapidani.com\/index.php\/wp-json\/wp\/v2\/media\/605"}],"wp:attachment":[{"href":"https:\/\/kapidani.com\/index.php\/wp-json\/wp\/v2\/media?parent=604"}],"wp:term":[{"taxonomy":"product_brand","embeddable":true,"href":"https:\/\/kapidani.com\/index.php\/wp-json\/wp\/v2\/product_brand?post=604"},{"taxonomy":"product_cat","embeddable":true,"href":"https:\/\/kapidani.com\/index.php\/wp-json\/wp\/v2\/product_cat?post=604"},{"taxonomy":"product_tag","embeddable":true,"href":"https:\/\/kapidani.com\/index.php\/wp-json\/wp\/v2\/product_tag?post=604"}],"curies":[{"name":"wp","href":"https:\/\/api.w.org\/{rel}","templated":true}]}}